{"id":8342,"date":"2026-03-19T13:21:19","date_gmt":"2026-03-19T16:21:19","guid":{"rendered":"https:\/\/bibliotecavigil.org.ar\/eventos\/?post_type=etn&#038;p=8342"},"modified":"2026-03-27T19:00:38","modified_gmt":"2026-03-27T22:00:38","slug":"patagonia-y-olvido","status":"publish","type":"etn","link":"https:\/\/bibliotecavigil.org.ar\/eventos\/etn\/patagonia-y-olvido\/","title":{"rendered":"PATAGONIA Y OLVIDO"},"content":{"rendered":"<p>Obra: PATAGONIA Y OLVIDO + CONVERSACI\u00d3N con ESTEBAN BAYER (hijo de Osvaldo Bayer) y N\u00c9STOR DAFINOTTI (nieto de Albino Arg\u00fcelles, uno de los principales dirigentes de la huelga, fusilado de La Patagonia Rebelde). Modera: Luz Pignatta.<\/p>\n<p>Patagonia y Olvido, versi\u00f3n teatral de \u00abLa Patagonia Rebelde\u00bb de La Comedia de Hacer Arte. Dos obreros y su m\u00e1quina de viento narran con humor, iron\u00eda y lenguaje popular lo ocurrido en las huelgas patag\u00f3nicas en 1921. Una comedia dram\u00e1tica en la que el viento patag\u00f3nico sopla memoria y justicia.<\/p>\n<p>&#xfe0f; $15.000 no socixs \/ $7.500 socixs (entrar desde iniciar sesi\u00f3n) \/ Jubiladxs y estudiantes $10.000.<\/p>\n","protected":false},"excerpt":{"rendered":"<p>Obra: PATAGONIA Y OLVIDO + CONVERSACI\u00d3N con ESTEBAN BAYER (hijo de Osvaldo Bayer) y N\u00c9STOR DAFINOTTI (nieto de Albino Arg\u00fcelles, uno de los principales dirigentes de la huelga, fusilado de La Patagonia Rebelde). Modera: Luz Pignatta. Patagonia y Olvido, versi\u00f3n teatral de \u00abLa Patagonia Rebelde\u00bb de La Comedia de Hacer Arte. Dos obreros y su [&hellip;]<\/p>\n","protected":false},"author":2,"featured_media":8348,"parent":0,"template":"","etn_category":[19],"etn_tags":[],"class_list":["post-8342","etn","type-etn","status-publish","has-post-thumbnail","hentry","etn_category-teatro"],"_links":{"self":[{"href":"https:\/\/bibliotecavigil.org.ar\/eventos\/wp-json\/wp\/v2\/etn\/8342","targetHints":{"allow":["GET"]}}],"collection":[{"href":"https:\/\/bibliotecavigil.org.ar\/eventos\/wp-json\/wp\/v2\/etn"}],"about":[{"href":"https:\/\/bibliotecavigil.org.ar\/eventos\/wp-json\/wp\/v2\/types\/etn"}],"author":[{"embeddable":true,"href":"https:\/\/bibliotecavigil.org.ar\/eventos\/wp-json\/wp\/v2\/users\/2"}],"wp:featuredmedia":[{"embeddable":true,"href":"https:\/\/bibliotecavigil.org.ar\/eventos\/wp-json\/wp\/v2\/media\/8348"}],"wp:attachment":[{"href":"https:\/\/bibliotecavigil.org.ar\/eventos\/wp-json\/wp\/v2\/media?parent=8342"}],"wp:term":[{"taxonomy":"etn_category","embeddable":true,"href":"https:\/\/bibliotecavigil.org.ar\/eventos\/wp-json\/wp\/v2\/etn_category?post=8342"},{"taxonomy":"etn_tags","embeddable":true,"href":"https:\/\/bibliotecavigil.org.ar\/eventos\/wp-json\/wp\/v2\/etn_tags?post=8342"}],"curies":[{"name":"wp","href":"https:\/\/api.w.org\/{rel}","templated":true}]}}

<p>Obra: PATAGONIA Y OLVIDO + CONVERSACIÓN con ESTEBAN BAYER (hijo de Osvaldo Bayer) y NÉSTOR DAFINOTTI (nieto de Albino Argüelles, uno de los principales dirigentes de la huelga, fusilado de La Patagonia Rebelde). Modera: Luz Pignatta.</p>
<p>Patagonia y Olvido, versión teatral de «La Patagonia Rebelde» de La Comedia de Hacer Arte. Dos obreros y su máquina de viento narran con humor, ironía y lenguaje popular lo ocurrido en las huelgas patagónicas en 1921. Una comedia dramática en la que el viento patagónico sopla memoria y justicia.</p>
<p>&#xfe0f; $15.000 no socixs / $7.500 socixs (entrar desde iniciar sesión) / Jubiladxs y estudiantes $10.000.</p>

<p>Obra: PATAGONIA Y OLVIDO + CONVERSACIÓN con ESTEBAN BAYER (hijo de Osvaldo Bayer) y NÉSTOR DAFINOTTI (nieto de Albino Argüelles, uno de los principales dirigentes de la huelga, fusilado de La Patagonia Rebelde). Modera: Luz Pignatta. Patagonia y Olvido, versión teatral de «La Patagonia Rebelde» de La Comedia de Hacer Arte. Dos obreros y su [&hellip;]</p>
