{"id":902,"date":"2025-10-31T17:45:11","date_gmt":"2025-10-31T20:45:11","guid":{"rendered":"https:\/\/bibliotecavigil.org.ar\/eventos\/?post_type=etn&#038;p=902"},"modified":"2026-03-20T12:23:45","modified_gmt":"2026-03-20T15:23:45","slug":"comando-geronte","status":"publish","type":"etn","link":"https:\/\/bibliotecavigil.org.ar\/eventos\/etn\/comando-geronte\/","title":{"rendered":"COMANDO GERONTE"},"content":{"rendered":"<p style=\"font-weight: 400\">Violeta y Gerardo, una pareja en la recta final de sus vidas, se enfrentan a un dilema: sostener y resignarse o patear el tablero y salir de contragolpe. Miguel Franchi, dirige a los talentosos Evangelina Bruno y Tito G\u00f3mez, con asistencia de direcci\u00f3n de Soledad Hern\u00e1ndez.<\/p>\n<p style=\"font-weight: 400\">\u25ac No socixs:\u00a0Anticipadas\u00a0$8.000 en la web de La Vigil. Puerta $12.000.<\/p>\n<p style=\"font-weight: 400\">\u25ac\u00a0GRATIS PARA SOCIXS VIGIL (retirar en Gaboto 450 de 14 a 20h).<\/p>\n<p><a href=\"https:\/\/bibliotecavigil.org.ar\/eventos\/wp-content\/uploads\/2025\/10\/WhatsApp-Image-2025-10-31-at-16.59.39.jpeg\"><img loading=\"lazy\" decoding=\"async\" class=\"alignnone size-medium wp-image-903\" src=\"https:\/\/bibliotecavigil.org.ar\/eventos\/wp-content\/uploads\/2025\/10\/WhatsApp-Image-2025-10-31-at-16.59.39-212x300.jpeg\" alt=\"\" width=\"212\" height=\"300\" \/><\/a><\/p>\n","protected":false},"excerpt":{"rendered":"<p>Violeta y Gerardo, una pareja en la recta final de sus vidas, se enfrentan a un dilema: sostener y resignarse o patear el tablero y salir de contragolpe. Miguel Franchi, dirige a los talentosos Evangelina Bruno y Tito G\u00f3mez, con asistencia de direcci\u00f3n de Soledad Hern\u00e1ndez. \u25ac No socixs:\u00a0Anticipadas\u00a0$8.000 en la web de La Vigil. [&hellip;]<\/p>\n","protected":false},"author":2,"featured_media":905,"parent":0,"template":"","etn_category":[19],"etn_tags":[],"class_list":["post-902","etn","type-etn","status-publish","has-post-thumbnail","hentry","etn_category-teatro"],"_links":{"self":[{"href":"https:\/\/bibliotecavigil.org.ar\/eventos\/wp-json\/wp\/v2\/etn\/902","targetHints":{"allow":["GET"]}}],"collection":[{"href":"https:\/\/bibliotecavigil.org.ar\/eventos\/wp-json\/wp\/v2\/etn"}],"about":[{"href":"https:\/\/bibliotecavigil.org.ar\/eventos\/wp-json\/wp\/v2\/types\/etn"}],"author":[{"embeddable":true,"href":"https:\/\/bibliotecavigil.org.ar\/eventos\/wp-json\/wp\/v2\/users\/2"}],"wp:featuredmedia":[{"embeddable":true,"href":"https:\/\/bibliotecavigil.org.ar\/eventos\/wp-json\/wp\/v2\/media\/905"}],"wp:attachment":[{"href":"https:\/\/bibliotecavigil.org.ar\/eventos\/wp-json\/wp\/v2\/media?parent=902"}],"wp:term":[{"taxonomy":"etn_category","embeddable":true,"href":"https:\/\/bibliotecavigil.org.ar\/eventos\/wp-json\/wp\/v2\/etn_category?post=902"},{"taxonomy":"etn_tags","embeddable":true,"href":"https:\/\/bibliotecavigil.org.ar\/eventos\/wp-json\/wp\/v2\/etn_tags?post=902"}],"curies":[{"name":"wp","href":"https:\/\/api.w.org\/{rel}","templated":true}]}}

<p style="font-weight: 400">Violeta y Gerardo, una pareja en la recta final de sus vidas, se enfrentan a un dilema: sostener y resignarse o patear el tablero y salir de contragolpe. Miguel Franchi, dirige a los talentosos Evangelina Bruno y Tito Gómez, con asistencia de dirección de Soledad Hernández.</p>
<p style="font-weight: 400">▬ No socixs: Anticipadas $8.000 en la web de La Vigil. Puerta $12.000.</p>
<p style="font-weight: 400">▬ GRATIS PARA SOCIXS VIGIL (retirar en Gaboto 450 de 14 a 20h).</p>
<p><a href="https://bibliotecavigil.org.ar/eventos/wp-content/uploads/2025/10/WhatsApp-Image-2025-10-31-at-16.59.39.jpeg"><img loading="lazy" decoding="async" class="alignnone size-medium wp-image-903" src="https://bibliotecavigil.org.ar/eventos/wp-content/uploads/2025/10/WhatsApp-Image-2025-10-31-at-16.59.39-212x300.jpeg" alt="" width="212" height="300" /></a></p>

<p>Violeta y Gerardo, una pareja en la recta final de sus vidas, se enfrentan a un dilema: sostener y resignarse o patear el tablero y salir de contragolpe. Miguel Franchi, dirige a los talentosos Evangelina Bruno y Tito Gómez, con asistencia de dirección de Soledad Hernández. ▬ No socixs: Anticipadas $8.000 en la web de La Vigil. [&hellip;]</p>
