{"id":26883,"date":"2020-08-03T23:20:37","date_gmt":"2020-08-04T02:20:37","guid":{"rendered":"https:\/\/bibliotecavigil.com.ar\/?post_type=product&#038;p=26883"},"modified":"2026-03-31T15:18:12","modified_gmt":"2026-03-31T18:18:12","slug":"el-poema-no-es","status":"publish","type":"product","link":"https:\/\/bibliotecavigil.org.ar\/inicio\/producto\/el-poema-no-es\/","title":{"rendered":"El poema no es"},"content":{"rendered":"","protected":false},"excerpt":{"rendered":"<ol>\n<li>Rub\u00e9n Sevlever. ISBN 978-987-45899-4-1.<\/li>\n<\/ol>\n<p>321 p. \/ Poes\u00eda \/ Colecci\u00f3n Homenaje -3 \/ 1\u00b0 edici\u00f3n. Rosario, Editorial Biblioteca, 2017.<\/p>\n<p>En esta ocasi\u00f3n, preparamos y reunimos todos sus poemas editados en los libros <em>Poemas<\/em> (1956-1964), <em>Enjambre de palabras<\/em> (1996) y <em>Poemas elegidos<\/em> (2012). Premiado\u00a0 en\u00a0 varias\u00a0 ocasiones\u00a0 por\u00a0 su\u00a0 b\u00fasqueda\u00a0 est\u00e9tica,\u00a0 Rub\u00e9n\u00a0 Sevlever\u00a0 fue\u00a0 parte\u00a0 de\u00a0 las\u00a0 mejores\u00a0 experiencias\u00a0 po\u00e9ticas\u00a0 y\u00a0 literarias\u00a0 de\u00a0 nuestra\u00a0 provincia,\u00a0 compartiendo la aventura (y la amistad) con Juan Jos\u00e9 Saer, Aldo Oliva, Mario Levrero, Juan L. Ortiz, Hugo Gola, entre tantos otros y otras que, desde la revista <em>Pausa<\/em>, desde el caf\u00e9, vendiendo libros o en las m\u00faltiples instancias de activaci\u00f3n cultural promovidas por la librer\u00eda Aries, dieron forma a la literatura de nuestra regi\u00f3n<\/p>\n","protected":false},"featured_media":26853,"template":"","meta":{"_et_pb_use_builder":"","_et_pb_old_content":"","_et_gb_content_width":""},"product_brand":[],"product_cat":[25],"product_tag":[],"class_list":{"0":"post-26883","1":"product","2":"type-product","3":"status-publish","4":"has-post-thumbnail","6":"product_cat-homenaje","8":"first","9":"instock","10":"taxable","11":"shipping-taxable","12":"purchasable","13":"product-type-simple"},"yoast_head":"<!-- This site is optimized with the Yoast SEO plugin v27.5 - https:\/\/yoast.com\/product\/yoast-seo-wordpress\/ -->\n<title>El poema no es - Biblioteca Vigil<\/title>\n<meta name=\"description\" content=\"En esta ocasi\u00f3n, preparamos y reunimos todos sus poemas editados en los libros Poemas (1956-1964), Enjambre de palabras (1996) y Poemas elegidos (2012).\" \/>\n<meta name=\"robots\" content=\"index, follow, max-snippet:-1, max-image-preview:large, max-video-preview:-1\" \/>\n<link rel=\"canonical\" href=\"https:\/\/bibliotecavigil.org.ar\/inicio\/producto\/el-poema-no-es\/\" \/>\n<meta property=\"og:locale\" content=\"es_ES\" \/>\n<meta property=\"og:type\" content=\"article\" \/>\n<meta property=\"og:title\" content=\"El poema no es - Biblioteca Vigil\" \/>\n<meta property=\"og:description\" content=\"En esta ocasi\u00f3n, preparamos y reunimos todos sus poemas editados en los libros Poemas (1956-1964), Enjambre de palabras (1996) y Poemas elegidos (2012).\" \/>\n<meta property=\"og:url\" content=\"https:\/\/bibliotecavigil.org.ar\/inicio\/producto\/el-poema-no-es\/\" \/>\n<meta property=\"og:site_name\" content=\"Biblioteca Vigil\" \/>\n<meta property=\"article:modified_time\" content=\"2026-03-31T18:18:12+00:00\" \/>\n<meta property=\"og:image\" content=\"https:\/\/bibliotecavigil.org.ar\/inicio\/wp-content\/uploads\/2020\/07\/tapa-sevlever-01-scaled-1.jpg\" \/>\n\t<meta property=\"og:image:width\" content=\"1394\" \/>\n\t<meta property=\"og:image:height\" content=\"2048\" \/>\n\t<meta property=\"og:image:type\" content=\"image\/jpeg\" \/>\n<meta name=\"twitter:card\" content=\"summary_large_image\" \/>\n<script type=\"application\/ld+json\" class=\"yoast-schema-graph\">{\"@context\":\"https:\\\/\\\/schema.org\",\"@graph\":[{\"@type\":\"WebPage\",\"@id\":\"https:\\\/\\\/bibliotecavigil.org.ar\\\/inicio\\\/producto\\\/el-poema-no-es\\\/\",\"url\":\"https:\\\/\\\/bibliotecavigil.org.ar\\\/inicio\\\/producto\\\/el-poema-no-es\\\/\",\"name\":\"El poema no es - Biblioteca Vigil\",\"isPartOf\":{\"@id\":\"https:\\\/\\\/bibliotecavigil.org.ar\\\/inicio\\\/#website\"},\"primaryImageOfPage\":{\"@id\":\"https:\\\/\\\/bibliotecavigil.org.ar\\\/inicio\\\/producto\\\/el-poema-no-es\\\/#primaryimage\"},\"image\":{\"@id\":\"https:\\\/\\\/bibliotecavigil.org.ar\\\/inicio\\\/producto\\\/el-poema-no-es\\\/#primaryimage\"},\"thumbnailUrl\":\"https:\\\/\\\/bibliotecavigil.org.ar\\\/inicio\\\/wp-content\\\/uploads\\\/2020\\\/07\\\/tapa-sevlever-01-scaled-1.jpg\",\"datePublished\":\"2020-08-04T02:20:37+00:00\",\"dateModified\":\"2026-03-31T18:18:12+00:00\",\"description\":\"En esta ocasi\u00f3n, preparamos y reunimos todos sus poemas editados en los libros Poemas (1956-1964), Enjambre de palabras (1996) y Poemas elegidos (2012).\",\"breadcrumb\":{\"@id\":\"https:\\\/\\\/bibliotecavigil.org.ar\\\/inicio\\\/producto\\\/el-poema-no-es\\\/#breadcrumb\"},\"inLanguage\":\"es\",\"potentialAction\":[{\"@type\":\"ReadAction\",\"target\":[\"https:\\\/\\\/bibliotecavigil.org.ar\\\/inicio\\\/producto\\\/el-poema-no-es\\\/\"]}]},{\"@type\":\"ImageObject\",\"inLanguage\":\"es\",\"@id\":\"https:\\\/\\\/bibliotecavigil.org.ar\\\/inicio\\\/producto\\\/el-poema-no-es\\\/#primaryimage\",\"url\":\"https:\\\/\\\/bibliotecavigil.org.ar\\\/inicio\\\/wp-content\\\/uploads\\\/2020\\\/07\\\/tapa-sevlever-01-scaled-1.jpg\",\"contentUrl\":\"https:\\\/\\\/bibliotecavigil.org.ar\\\/inicio\\\/wp-content\\\/uploads\\\/2020\\\/07\\\/tapa-sevlever-01-scaled-1.jpg\",\"width\":1394,\"height\":2048},{\"@type\":\"BreadcrumbList\",\"@id\":\"https:\\\/\\\/bibliotecavigil.org.ar\\\/inicio\\\/producto\\\/el-poema-no-es\\\/#breadcrumb\",\"itemListElement\":[{\"@type\":\"ListItem\",\"position\":1,\"name\":\"Portada\",\"item\":\"https:\\\/\\\/bibliotecavigil.org.ar\\\/inicio\\\/\"},{\"@type\":\"ListItem\",\"position\":2,\"name\":\"Cat\u00e1logo\",\"item\":\"https:\\\/\\\/bibliotecavigil.org.ar\\\/inicio\\\/catalogo\\\/\"},{\"@type\":\"ListItem\",\"position\":3,\"name\":\"El poema no es\"}]},{\"@type\":\"WebSite\",\"@id\":\"https:\\\/\\\/bibliotecavigil.org.ar\\\/inicio\\\/#website\",\"url\":\"https:\\\/\\\/bibliotecavigil.org.ar\\\/inicio\\\/\",\"name\":\"Biblioteca Vigil\",\"description\":\"Biblioteca Popular C C Vigil\",\"publisher\":{\"@id\":\"https:\\\/\\\/bibliotecavigil.org.ar\\\/inicio\\\/#organization\"},\"potentialAction\":[{\"@type\":\"SearchAction\",\"target\":{\"@type\":\"EntryPoint\",\"urlTemplate\":\"https:\\\/\\\/bibliotecavigil.org.ar\\\/inicio\\\/?s={search_term_string}\"},\"query-input\":{\"@type\":\"PropertyValueSpecification\",\"valueRequired\":true,\"valueName\":\"search_term_string\"}}],\"inLanguage\":\"es\"},{\"@type\":\"Organization\",\"@id\":\"https:\\\/\\\/bibliotecavigil.org.ar\\\/inicio\\\/#organization\",\"name\":\"Biblioteca Popular C.C.Vigil\",\"url\":\"https:\\\/\\\/bibliotecavigil.org.ar\\\/inicio\\\/\",\"logo\":{\"@type\":\"ImageObject\",\"inLanguage\":\"es\",\"@id\":\"https:\\\/\\\/bibliotecavigil.org.ar\\\/inicio\\\/#\\\/schema\\\/logo\\\/image\\\/\",\"url\":\"https:\\\/\\\/bibliotecavigil.org.ar\\\/inicio\\\/wp-content\\\/uploads\\\/2023\\\/06\\\/Logo-sin-texto-gif.gif\",\"contentUrl\":\"https:\\\/\\\/bibliotecavigil.org.ar\\\/inicio\\\/wp-content\\\/uploads\\\/2023\\\/06\\\/Logo-sin-texto-gif.gif\",\"width\":1487,\"height\":1604,\"caption\":\"Biblioteca Popular C.C.Vigil\"},\"image\":{\"@id\":\"https:\\\/\\\/bibliotecavigil.org.ar\\\/inicio\\\/#\\\/schema\\\/logo\\\/image\\\/\"}}]}<\/script>\n<!-- \/ Yoast SEO plugin. -->","yoast_head_json":{"title":"El poema no es - Biblioteca Vigil","description":"En esta ocasi\u00f3n, preparamos y reunimos todos sus poemas editados en los libros Poemas (1956-1964), Enjambre de palabras (1996) y Poemas elegidos (2012).","robots":{"index":"index","follow":"follow","max-snippet":"max-snippet:-1","max-image-preview":"max-image-preview:large","max-video-preview":"max-video-preview:-1"},"canonical":"https:\/\/bibliotecavigil.org.ar\/inicio\/producto\/el-poema-no-es\/","og_locale":"es_ES","og_type":"article","og_title":"El poema no es - Biblioteca Vigil","og_description":"En esta ocasi\u00f3n, preparamos y reunimos todos sus poemas editados en los libros Poemas (1956-1964), Enjambre de palabras (1996) y Poemas elegidos (2012).","og_url":"https:\/\/bibliotecavigil.org.ar\/inicio\/producto\/el-poema-no-es\/","og_site_name":"Biblioteca Vigil","article_modified_time":"2026-03-31T18:18:12+00:00","og_image":[{"width":1394,"height":2048,"url":"https:\/\/bibliotecavigil.org.ar\/inicio\/wp-content\/uploads\/2020\/07\/tapa-sevlever-01-scaled-1.jpg","type":"image\/jpeg"}],"twitter_card":"summary_large_image","schema":{"@context":"https:\/\/schema.org","@graph":[{"@type":"WebPage","@id":"https:\/\/bibliotecavigil.org.ar\/inicio\/producto\/el-poema-no-es\/","url":"https:\/\/bibliotecavigil.org.ar\/inicio\/producto\/el-poema-no-es\/","name":"El poema no es - Biblioteca Vigil","isPartOf":{"@id":"https:\/\/bibliotecavigil.org.ar\/inicio\/#website"},"primaryImageOfPage":{"@id":"https:\/\/bibliotecavigil.org.ar\/inicio\/producto\/el-poema-no-es\/#primaryimage"},"image":{"@id":"https:\/\/bibliotecavigil.org.ar\/inicio\/producto\/el-poema-no-es\/#primaryimage"},"thumbnailUrl":"https:\/\/bibliotecavigil.org.ar\/inicio\/wp-content\/uploads\/2020\/07\/tapa-sevlever-01-scaled-1.jpg","datePublished":"2020-08-04T02:20:37+00:00","dateModified":"2026-03-31T18:18:12+00:00","description":"En esta ocasi\u00f3n, preparamos y reunimos todos sus poemas editados en los libros Poemas (1956-1964), Enjambre de palabras (1996) y Poemas elegidos (2012).","breadcrumb":{"@id":"https:\/\/bibliotecavigil.org.ar\/inicio\/producto\/el-poema-no-es\/#breadcrumb"},"inLanguage":"es","potentialAction":[{"@type":"ReadAction","target":["https:\/\/bibliotecavigil.org.ar\/inicio\/producto\/el-poema-no-es\/"]}]},{"@type":"ImageObject","inLanguage":"es","@id":"https:\/\/bibliotecavigil.org.ar\/inicio\/producto\/el-poema-no-es\/#primaryimage","url":"https:\/\/bibliotecavigil.org.ar\/inicio\/wp-content\/uploads\/2020\/07\/tapa-sevlever-01-scaled-1.jpg","contentUrl":"https:\/\/bibliotecavigil.org.ar\/inicio\/wp-content\/uploads\/2020\/07\/tapa-sevlever-01-scaled-1.jpg","width":1394,"height":2048},{"@type":"BreadcrumbList","@id":"https:\/\/bibliotecavigil.org.ar\/inicio\/producto\/el-poema-no-es\/#breadcrumb","itemListElement":[{"@type":"ListItem","position":1,"name":"Portada","item":"https:\/\/bibliotecavigil.org.ar\/inicio\/"},{"@type":"ListItem","position":2,"name":"Cat\u00e1logo","item":"https:\/\/bibliotecavigil.org.ar\/inicio\/catalogo\/"},{"@type":"ListItem","position":3,"name":"El poema no es"}]},{"@type":"WebSite","@id":"https:\/\/bibliotecavigil.org.ar\/inicio\/#website","url":"https:\/\/bibliotecavigil.org.ar\/inicio\/","name":"Biblioteca Vigil","description":"Biblioteca Popular C C Vigil","publisher":{"@id":"https:\/\/bibliotecavigil.org.ar\/inicio\/#organization"},"potentialAction":[{"@type":"SearchAction","target":{"@type":"EntryPoint","urlTemplate":"https:\/\/bibliotecavigil.org.ar\/inicio\/?s={search_term_string}"},"query-input":{"@type":"PropertyValueSpecification","valueRequired":true,"valueName":"search_term_string"}}],"inLanguage":"es"},{"@type":"Organization","@id":"https:\/\/bibliotecavigil.org.ar\/inicio\/#organization","name":"Biblioteca Popular C.C.Vigil","url":"https:\/\/bibliotecavigil.org.ar\/inicio\/","logo":{"@type":"ImageObject","inLanguage":"es","@id":"https:\/\/bibliotecavigil.org.ar\/inicio\/#\/schema\/logo\/image\/","url":"https:\/\/bibliotecavigil.org.ar\/inicio\/wp-content\/uploads\/2023\/06\/Logo-sin-texto-gif.gif","contentUrl":"https:\/\/bibliotecavigil.org.ar\/inicio\/wp-content\/uploads\/2023\/06\/Logo-sin-texto-gif.gif","width":1487,"height":1604,"caption":"Biblioteca Popular C.C.Vigil"},"image":{"@id":"https:\/\/bibliotecavigil.org.ar\/inicio\/#\/schema\/logo\/image\/"}}]}},"_links":{"self":[{"href":"https:\/\/bibliotecavigil.org.ar\/inicio\/wp-json\/wp\/v2\/product\/26883","targetHints":{"allow":["GET"]}}],"collection":[{"href":"https:\/\/bibliotecavigil.org.ar\/inicio\/wp-json\/wp\/v2\/product"}],"about":[{"href":"https:\/\/bibliotecavigil.org.ar\/inicio\/wp-json\/wp\/v2\/types\/product"}],"wp:featuredmedia":[{"embeddable":true,"href":"https:\/\/bibliotecavigil.org.ar\/inicio\/wp-json\/wp\/v2\/media\/26853"}],"wp:attachment":[{"href":"https:\/\/bibliotecavigil.org.ar\/inicio\/wp-json\/wp\/v2\/media?parent=26883"}],"wp:term":[{"taxonomy":"product_brand","embeddable":true,"href":"https:\/\/bibliotecavigil.org.ar\/inicio\/wp-json\/wp\/v2\/product_brand?post=26883"},{"taxonomy":"product_cat","embeddable":true,"href":"https:\/\/bibliotecavigil.org.ar\/inicio\/wp-json\/wp\/v2\/product_cat?post=26883"},{"taxonomy":"product_tag","embeddable":true,"href":"https:\/\/bibliotecavigil.org.ar\/inicio\/wp-json\/wp\/v2\/product_tag?post=26883"}],"curies":[{"name":"wp","href":"https:\/\/api.w.org\/{rel}","templated":true}]}}

<ol>
<li>Rubén Sevlever. ISBN 978-987-45899-4-1.</li>
</ol>
<p>321 p. / Poesía / Colección Homenaje -3 / 1° edición. Rosario, Editorial Biblioteca, 2017.</p>
<p>En esta ocasión, preparamos y reunimos todos sus poemas editados en los libros <em>Poemas</em> (1956-1964), <em>Enjambre de palabras</em> (1996) y <em>Poemas elegidos</em> (2012). Premiado  en  varias  ocasiones  por  su  búsqueda  estética,  Rubén  Sevlever  fue  parte  de  las  mejores  experiencias  poéticas  y  literarias  de  nuestra  provincia,  compartiendo la aventura (y la amistad) con Juan José Saer, Aldo Oliva, Mario Levrero, Juan L. Ortiz, Hugo Gola, entre tantos otros y otras que, desde la revista <em>Pausa</em>, desde el café, vendiendo libros o en las múltiples instancias de activación cultural promovidas por la librería Aries, dieron forma a la literatura de nuestra región</p>

<!-- This site is optimized with the Yoast SEO plugin v27.5 - https://yoast.com/product/yoast-seo-wordpress/ -->
<title>El poema no es - Biblioteca Vigil</title>
<meta name="description" content="En esta ocasión, preparamos y reunimos todos sus poemas editados en los libros Poemas (1956-1964), Enjambre de palabras (1996) y Poemas elegidos (2012)." />
<meta name="robots" content="index, follow, max-snippet:-1, max-image-preview:large, max-video-preview:-1" />
<link rel="canonical" href="https://bibliotecavigil.org.ar/inicio/producto/el-poema-no-es/" />
<meta property="og:locale" content="es_ES" />
<meta property="og:type" content="article" />
<meta property="og:title" content="El poema no es - Biblioteca Vigil" />
<meta property="og:description" content="En esta ocasión, preparamos y reunimos todos sus poemas editados en los libros Poemas (1956-1964), Enjambre de palabras (1996) y Poemas elegidos (2012)." />
<meta property="og:url" content="https://bibliotecavigil.org.ar/inicio/producto/el-poema-no-es/" />
<meta property="og:site_name" content="Biblioteca Vigil" />
<meta property="article:modified_time" content="2026-03-31T18:18:12+00:00" />
<meta property="og:image" content="https://bibliotecavigil.org.ar/inicio/wp-content/uploads/2020/07/tapa-sevlever-01-scaled-1.jpg" />
	<meta property="og:image:width" content="1394" />
	<meta property="og:image:height" content="2048" />
	<meta property="og:image:type" content="image/jpeg" />
<meta name="twitter:card" content="summary_large_image" />
<script type="application/ld+json" class="yoast-schema-graph">{"@context":"https:\/\/schema.org","@graph":[{"@type":"WebPage","@id":"https:\/\/bibliotecavigil.org.ar\/inicio\/producto\/el-poema-no-es\/","url":"https:\/\/bibliotecavigil.org.ar\/inicio\/producto\/el-poema-no-es\/","name":"El poema no es - Biblioteca Vigil","isPartOf":{"@id":"https:\/\/bibliotecavigil.org.ar\/inicio\/#website"},"primaryImageOfPage":{"@id":"https:\/\/bibliotecavigil.org.ar\/inicio\/producto\/el-poema-no-es\/#primaryimage"},"image":{"@id":"https:\/\/bibliotecavigil.org.ar\/inicio\/producto\/el-poema-no-es\/#primaryimage"},"thumbnailUrl":"https:\/\/bibliotecavigil.org.ar\/inicio\/wp-content\/uploads\/2020\/07\/tapa-sevlever-01-scaled-1.jpg","datePublished":"2020-08-04T02:20:37+00:00","dateModified":"2026-03-31T18:18:12+00:00","description":"En esta ocasión, preparamos y reunimos todos sus poemas editados en los libros Poemas (1956-1964), Enjambre de palabras (1996) y Poemas elegidos (2012).","breadcrumb":{"@id":"https:\/\/bibliotecavigil.org.ar\/inicio\/producto\/el-poema-no-es\/#breadcrumb"},"inLanguage":"es","potentialAction":[{"@type":"ReadAction","target":["https:\/\/bibliotecavigil.org.ar\/inicio\/producto\/el-poema-no-es\/"]}]},{"@type":"ImageObject","inLanguage":"es","@id":"https:\/\/bibliotecavigil.org.ar\/inicio\/producto\/el-poema-no-es\/#primaryimage","url":"https:\/\/bibliotecavigil.org.ar\/inicio\/wp-content\/uploads\/2020\/07\/tapa-sevlever-01-scaled-1.jpg","contentUrl":"https:\/\/bibliotecavigil.org.ar\/inicio\/wp-content\/uploads\/2020\/07\/tapa-sevlever-01-scaled-1.jpg","width":1394,"height":2048},{"@type":"BreadcrumbList","@id":"https:\/\/bibliotecavigil.org.ar\/inicio\/producto\/el-poema-no-es\/#breadcrumb","itemListElement":[{"@type":"ListItem","position":1,"name":"Portada","item":"https:\/\/bibliotecavigil.org.ar\/inicio\/"},{"@type":"ListItem","position":2,"name":"Catálogo","item":"https:\/\/bibliotecavigil.org.ar\/inicio\/catalogo\/"},{"@type":"ListItem","position":3,"name":"El poema no es"}]},{"@type":"WebSite","@id":"https:\/\/bibliotecavigil.org.ar\/inicio\/#website","url":"https:\/\/bibliotecavigil.org.ar\/inicio\/","name":"Biblioteca Vigil","description":"Biblioteca Popular C C Vigil","publisher":{"@id":"https:\/\/bibliotecavigil.org.ar\/inicio\/#organization"},"potentialAction":[{"@type":"SearchAction","target":{"@type":"EntryPoint","urlTemplate":"https:\/\/bibliotecavigil.org.ar\/inicio\/?s={search_term_string}"},"query-input":{"@type":"PropertyValueSpecification","valueRequired":true,"valueName":"search_term_string"}}],"inLanguage":"es"},{"@type":"Organization","@id":"https:\/\/bibliotecavigil.org.ar\/inicio\/#organization","name":"Biblioteca Popular C.C.Vigil","url":"https:\/\/bibliotecavigil.org.ar\/inicio\/","logo":{"@type":"ImageObject","inLanguage":"es","@id":"https:\/\/bibliotecavigil.org.ar\/inicio\/#\/schema\/logo\/image\/","url":"https:\/\/bibliotecavigil.org.ar\/inicio\/wp-content\/uploads\/2023\/06\/Logo-sin-texto-gif.gif","contentUrl":"https:\/\/bibliotecavigil.org.ar\/inicio\/wp-content\/uploads\/2023\/06\/Logo-sin-texto-gif.gif","width":1487,"height":1604,"caption":"Biblioteca Popular C.C.Vigil"},"image":{"@id":"https:\/\/bibliotecavigil.org.ar\/inicio\/#\/schema\/logo\/image\/"}}]}</script>
<!-- / Yoast SEO plugin. -->

En esta ocasión, preparamos y reunimos todos sus poemas editados en los libros Poemas (1956-1964), Enjambre de palabras (1996) y Poemas elegidos (2012).

Catálogo
