{"id":29787,"date":"2021-09-20T23:00:20","date_gmt":"2021-09-21T02:00:20","guid":{"rendered":"https:\/\/bibliotecavigil.org.ar\/inicio\/?post_type=product&#038;p=29787"},"modified":"2026-03-31T15:15:35","modified_gmt":"2026-03-31T18:15:35","slug":"muriel-y-los-peces","status":"publish","type":"product","link":"https:\/\/bibliotecavigil.org.ar\/inicio\/producto\/muriel-y-los-peces\/","title":{"rendered":"Muriel y los peces"},"content":{"rendered":"","protected":false},"excerpt":{"rendered":"<p>Virginia Beccar\u00eda Canelo. ISBN: 978-987-8373-03-4<\/p>\n<p>118 p. \/ Novela \/ Colecci\u00f3n Prosistas argentinos -6 \/ 1\u00b0 edici\u00f3n. Rosario, Editorial Biblioteca, 2020<\/p>\n<p><em>Ganadora del 3\u00ba Premio Bienal Federal 2019 de novela corta, organizado por el Programa de Cultura del Consejo Federal de Inversiones. <\/em><\/p>\n<p>En su brevedad y delicadeza, Muriel y los peces se abre a muchos asuntos, pero narra sobre todo la relaci\u00f3n entre dos ni\u00f1as en el umbral de ingreso a la adolescencia y su reencuentro en la juventud bajo un erotismo que, anclado en la brutalidad y la belleza del campo, lo embebe todo. La melancol\u00eda que Virginia Beccar\u00eda Canelo imprime a las palabras deposita a su escritura en el borde de lo po\u00e9tico, sin que el relato pierda ni por un momento la fluidez narrativa. Aunque no podr\u00eda precisar muy bien en qu\u00e9 consiste esa melancol\u00eda, me inclino a pensar que, m\u00e1s que a los asuntos, se debe al uso de la lengua, marcada por la llanura y la in- migraci\u00f3n de las que la autora proviene y en las que sin dudas abrev\u00f3 su experiencia. Es el suyo un mundo muy femenino no tanto porque hable de las mujeres, sino sobre todo porque se ocupa de lo m\u00ednimo con una sutileza infrecuente. Aqu\u00ed lo \u00edntimo est\u00e1 lleno de misterio: las formas del abandono, la decepci\u00f3n que pone fin a la infancia, la profunda soledad de los seres humanos y la innombrable necesidad de amor para que el dolor de vivir pueda eclipsarse.<\/p>\n","protected":false},"featured_media":29784,"template":"","meta":{"_et_pb_use_builder":"","_et_pb_old_content":"","_et_gb_content_width":""},"product_brand":[],"product_cat":[31,32],"product_tag":[],"class_list":{"0":"post-29787","1":"product","2":"type-product","3":"status-publish","4":"has-post-thumbnail","6":"product_cat-novedades","7":"product_cat-prosistas","9":"first","10":"instock","11":"taxable","12":"shipping-taxable","13":"purchasable","14":"product-type-simple"},"yoast_head":"<!-- This site is optimized with the Yoast SEO plugin v27.5 - https:\/\/yoast.com\/product\/yoast-seo-wordpress\/ -->\n<title>Muriel y los peces - Biblioteca Vigil<\/title>\n<meta name=\"description\" content=\"Virginia Beccar\u00eda Canelo. 118 p. \/ Novela \/ Colecci\u00f3n Prosistas argentinos -6 \/ 1\u00b0 edici\u00f3n. Rosario, Editorial Biblioteca\" \/>\n<meta name=\"robots\" content=\"index, follow, max-snippet:-1, max-image-preview:large, max-video-preview:-1\" \/>\n<link rel=\"canonical\" href=\"https:\/\/bibliotecavigil.org.ar\/inicio\/producto\/muriel-y-los-peces\/\" \/>\n<meta property=\"og:locale\" content=\"es_ES\" \/>\n<meta property=\"og:type\" content=\"article\" \/>\n<meta property=\"og:title\" content=\"Muriel y los peces - Biblioteca Vigil\" \/>\n<meta property=\"og:description\" content=\"Virginia Beccar\u00eda Canelo. 118 p. \/ Novela \/ Colecci\u00f3n Prosistas argentinos -6 \/ 1\u00b0 edici\u00f3n. Rosario, Editorial Biblioteca\" \/>\n<meta property=\"og:url\" content=\"https:\/\/bibliotecavigil.org.ar\/inicio\/producto\/muriel-y-los-peces\/\" \/>\n<meta property=\"og:site_name\" content=\"Biblioteca Vigil\" \/>\n<meta property=\"article:modified_time\" content=\"2026-03-31T18:15:35+00:00\" \/>\n<meta property=\"og:image\" content=\"https:\/\/bibliotecavigil.org.ar\/inicio\/wp-content\/uploads\/2021\/09\/Muriel-y-los-peces.jpg\" \/>\n\t<meta property=\"og:image:width\" content=\"819\" \/>\n\t<meta property=\"og:image:height\" content=\"1181\" \/>\n\t<meta property=\"og:image:type\" content=\"image\/jpeg\" \/>\n<meta name=\"twitter:card\" content=\"summary_large_image\" \/>\n<script type=\"application\/ld+json\" class=\"yoast-schema-graph\">{\"@context\":\"https:\\\/\\\/schema.org\",\"@graph\":[{\"@type\":\"WebPage\",\"@id\":\"https:\\\/\\\/bibliotecavigil.org.ar\\\/inicio\\\/producto\\\/muriel-y-los-peces\\\/\",\"url\":\"https:\\\/\\\/bibliotecavigil.org.ar\\\/inicio\\\/producto\\\/muriel-y-los-peces\\\/\",\"name\":\"Muriel y los peces - Biblioteca Vigil\",\"isPartOf\":{\"@id\":\"https:\\\/\\\/bibliotecavigil.org.ar\\\/inicio\\\/#website\"},\"primaryImageOfPage\":{\"@id\":\"https:\\\/\\\/bibliotecavigil.org.ar\\\/inicio\\\/producto\\\/muriel-y-los-peces\\\/#primaryimage\"},\"image\":{\"@id\":\"https:\\\/\\\/bibliotecavigil.org.ar\\\/inicio\\\/producto\\\/muriel-y-los-peces\\\/#primaryimage\"},\"thumbnailUrl\":\"https:\\\/\\\/bibliotecavigil.org.ar\\\/inicio\\\/wp-content\\\/uploads\\\/2021\\\/09\\\/Muriel-y-los-peces.jpg\",\"datePublished\":\"2021-09-21T02:00:20+00:00\",\"dateModified\":\"2026-03-31T18:15:35+00:00\",\"description\":\"Virginia Beccar\u00eda Canelo. 118 p. \\\/ Novela \\\/ Colecci\u00f3n Prosistas argentinos -6 \\\/ 1\u00b0 edici\u00f3n. Rosario, Editorial Biblioteca\",\"breadcrumb\":{\"@id\":\"https:\\\/\\\/bibliotecavigil.org.ar\\\/inicio\\\/producto\\\/muriel-y-los-peces\\\/#breadcrumb\"},\"inLanguage\":\"es\",\"potentialAction\":[{\"@type\":\"ReadAction\",\"target\":[\"https:\\\/\\\/bibliotecavigil.org.ar\\\/inicio\\\/producto\\\/muriel-y-los-peces\\\/\"]}]},{\"@type\":\"ImageObject\",\"inLanguage\":\"es\",\"@id\":\"https:\\\/\\\/bibliotecavigil.org.ar\\\/inicio\\\/producto\\\/muriel-y-los-peces\\\/#primaryimage\",\"url\":\"https:\\\/\\\/bibliotecavigil.org.ar\\\/inicio\\\/wp-content\\\/uploads\\\/2021\\\/09\\\/Muriel-y-los-peces.jpg\",\"contentUrl\":\"https:\\\/\\\/bibliotecavigil.org.ar\\\/inicio\\\/wp-content\\\/uploads\\\/2021\\\/09\\\/Muriel-y-los-peces.jpg\",\"width\":819,\"height\":1181},{\"@type\":\"BreadcrumbList\",\"@id\":\"https:\\\/\\\/bibliotecavigil.org.ar\\\/inicio\\\/producto\\\/muriel-y-los-peces\\\/#breadcrumb\",\"itemListElement\":[{\"@type\":\"ListItem\",\"position\":1,\"name\":\"Portada\",\"item\":\"https:\\\/\\\/bibliotecavigil.org.ar\\\/inicio\\\/\"},{\"@type\":\"ListItem\",\"position\":2,\"name\":\"Cat\u00e1logo\",\"item\":\"https:\\\/\\\/bibliotecavigil.org.ar\\\/inicio\\\/catalogo\\\/\"},{\"@type\":\"ListItem\",\"position\":3,\"name\":\"Muriel y los peces\"}]},{\"@type\":\"WebSite\",\"@id\":\"https:\\\/\\\/bibliotecavigil.org.ar\\\/inicio\\\/#website\",\"url\":\"https:\\\/\\\/bibliotecavigil.org.ar\\\/inicio\\\/\",\"name\":\"Biblioteca Vigil\",\"description\":\"Biblioteca Popular C C Vigil\",\"publisher\":{\"@id\":\"https:\\\/\\\/bibliotecavigil.org.ar\\\/inicio\\\/#organization\"},\"potentialAction\":[{\"@type\":\"SearchAction\",\"target\":{\"@type\":\"EntryPoint\",\"urlTemplate\":\"https:\\\/\\\/bibliotecavigil.org.ar\\\/inicio\\\/?s={search_term_string}\"},\"query-input\":{\"@type\":\"PropertyValueSpecification\",\"valueRequired\":true,\"valueName\":\"search_term_string\"}}],\"inLanguage\":\"es\"},{\"@type\":\"Organization\",\"@id\":\"https:\\\/\\\/bibliotecavigil.org.ar\\\/inicio\\\/#organization\",\"name\":\"Biblioteca Popular C.C.Vigil\",\"url\":\"https:\\\/\\\/bibliotecavigil.org.ar\\\/inicio\\\/\",\"logo\":{\"@type\":\"ImageObject\",\"inLanguage\":\"es\",\"@id\":\"https:\\\/\\\/bibliotecavigil.org.ar\\\/inicio\\\/#\\\/schema\\\/logo\\\/image\\\/\",\"url\":\"https:\\\/\\\/bibliotecavigil.org.ar\\\/inicio\\\/wp-content\\\/uploads\\\/2023\\\/06\\\/Logo-sin-texto-gif.gif\",\"contentUrl\":\"https:\\\/\\\/bibliotecavigil.org.ar\\\/inicio\\\/wp-content\\\/uploads\\\/2023\\\/06\\\/Logo-sin-texto-gif.gif\",\"width\":1487,\"height\":1604,\"caption\":\"Biblioteca Popular C.C.Vigil\"},\"image\":{\"@id\":\"https:\\\/\\\/bibliotecavigil.org.ar\\\/inicio\\\/#\\\/schema\\\/logo\\\/image\\\/\"}}]}<\/script>\n<!-- \/ Yoast SEO plugin. -->","yoast_head_json":{"title":"Muriel y los peces - Biblioteca Vigil","description":"Virginia Beccar\u00eda Canelo. 118 p. \/ Novela \/ Colecci\u00f3n Prosistas argentinos -6 \/ 1\u00b0 edici\u00f3n. Rosario, Editorial Biblioteca","robots":{"index":"index","follow":"follow","max-snippet":"max-snippet:-1","max-image-preview":"max-image-preview:large","max-video-preview":"max-video-preview:-1"},"canonical":"https:\/\/bibliotecavigil.org.ar\/inicio\/producto\/muriel-y-los-peces\/","og_locale":"es_ES","og_type":"article","og_title":"Muriel y los peces - Biblioteca Vigil","og_description":"Virginia Beccar\u00eda Canelo. 118 p. \/ Novela \/ Colecci\u00f3n Prosistas argentinos -6 \/ 1\u00b0 edici\u00f3n. Rosario, Editorial Biblioteca","og_url":"https:\/\/bibliotecavigil.org.ar\/inicio\/producto\/muriel-y-los-peces\/","og_site_name":"Biblioteca Vigil","article_modified_time":"2026-03-31T18:15:35+00:00","og_image":[{"width":819,"height":1181,"url":"https:\/\/bibliotecavigil.org.ar\/inicio\/wp-content\/uploads\/2021\/09\/Muriel-y-los-peces.jpg","type":"image\/jpeg"}],"twitter_card":"summary_large_image","schema":{"@context":"https:\/\/schema.org","@graph":[{"@type":"WebPage","@id":"https:\/\/bibliotecavigil.org.ar\/inicio\/producto\/muriel-y-los-peces\/","url":"https:\/\/bibliotecavigil.org.ar\/inicio\/producto\/muriel-y-los-peces\/","name":"Muriel y los peces - Biblioteca Vigil","isPartOf":{"@id":"https:\/\/bibliotecavigil.org.ar\/inicio\/#website"},"primaryImageOfPage":{"@id":"https:\/\/bibliotecavigil.org.ar\/inicio\/producto\/muriel-y-los-peces\/#primaryimage"},"image":{"@id":"https:\/\/bibliotecavigil.org.ar\/inicio\/producto\/muriel-y-los-peces\/#primaryimage"},"thumbnailUrl":"https:\/\/bibliotecavigil.org.ar\/inicio\/wp-content\/uploads\/2021\/09\/Muriel-y-los-peces.jpg","datePublished":"2021-09-21T02:00:20+00:00","dateModified":"2026-03-31T18:15:35+00:00","description":"Virginia Beccar\u00eda Canelo. 118 p. \/ Novela \/ Colecci\u00f3n Prosistas argentinos -6 \/ 1\u00b0 edici\u00f3n. Rosario, Editorial Biblioteca","breadcrumb":{"@id":"https:\/\/bibliotecavigil.org.ar\/inicio\/producto\/muriel-y-los-peces\/#breadcrumb"},"inLanguage":"es","potentialAction":[{"@type":"ReadAction","target":["https:\/\/bibliotecavigil.org.ar\/inicio\/producto\/muriel-y-los-peces\/"]}]},{"@type":"ImageObject","inLanguage":"es","@id":"https:\/\/bibliotecavigil.org.ar\/inicio\/producto\/muriel-y-los-peces\/#primaryimage","url":"https:\/\/bibliotecavigil.org.ar\/inicio\/wp-content\/uploads\/2021\/09\/Muriel-y-los-peces.jpg","contentUrl":"https:\/\/bibliotecavigil.org.ar\/inicio\/wp-content\/uploads\/2021\/09\/Muriel-y-los-peces.jpg","width":819,"height":1181},{"@type":"BreadcrumbList","@id":"https:\/\/bibliotecavigil.org.ar\/inicio\/producto\/muriel-y-los-peces\/#breadcrumb","itemListElement":[{"@type":"ListItem","position":1,"name":"Portada","item":"https:\/\/bibliotecavigil.org.ar\/inicio\/"},{"@type":"ListItem","position":2,"name":"Cat\u00e1logo","item":"https:\/\/bibliotecavigil.org.ar\/inicio\/catalogo\/"},{"@type":"ListItem","position":3,"name":"Muriel y los peces"}]},{"@type":"WebSite","@id":"https:\/\/bibliotecavigil.org.ar\/inicio\/#website","url":"https:\/\/bibliotecavigil.org.ar\/inicio\/","name":"Biblioteca Vigil","description":"Biblioteca Popular C C Vigil","publisher":{"@id":"https:\/\/bibliotecavigil.org.ar\/inicio\/#organization"},"potentialAction":[{"@type":"SearchAction","target":{"@type":"EntryPoint","urlTemplate":"https:\/\/bibliotecavigil.org.ar\/inicio\/?s={search_term_string}"},"query-input":{"@type":"PropertyValueSpecification","valueRequired":true,"valueName":"search_term_string"}}],"inLanguage":"es"},{"@type":"Organization","@id":"https:\/\/bibliotecavigil.org.ar\/inicio\/#organization","name":"Biblioteca Popular C.C.Vigil","url":"https:\/\/bibliotecavigil.org.ar\/inicio\/","logo":{"@type":"ImageObject","inLanguage":"es","@id":"https:\/\/bibliotecavigil.org.ar\/inicio\/#\/schema\/logo\/image\/","url":"https:\/\/bibliotecavigil.org.ar\/inicio\/wp-content\/uploads\/2023\/06\/Logo-sin-texto-gif.gif","contentUrl":"https:\/\/bibliotecavigil.org.ar\/inicio\/wp-content\/uploads\/2023\/06\/Logo-sin-texto-gif.gif","width":1487,"height":1604,"caption":"Biblioteca Popular C.C.Vigil"},"image":{"@id":"https:\/\/bibliotecavigil.org.ar\/inicio\/#\/schema\/logo\/image\/"}}]}},"_links":{"self":[{"href":"https:\/\/bibliotecavigil.org.ar\/inicio\/wp-json\/wp\/v2\/product\/29787","targetHints":{"allow":["GET"]}}],"collection":[{"href":"https:\/\/bibliotecavigil.org.ar\/inicio\/wp-json\/wp\/v2\/product"}],"about":[{"href":"https:\/\/bibliotecavigil.org.ar\/inicio\/wp-json\/wp\/v2\/types\/product"}],"wp:featuredmedia":[{"embeddable":true,"href":"https:\/\/bibliotecavigil.org.ar\/inicio\/wp-json\/wp\/v2\/media\/29784"}],"wp:attachment":[{"href":"https:\/\/bibliotecavigil.org.ar\/inicio\/wp-json\/wp\/v2\/media?parent=29787"}],"wp:term":[{"taxonomy":"product_brand","embeddable":true,"href":"https:\/\/bibliotecavigil.org.ar\/inicio\/wp-json\/wp\/v2\/product_brand?post=29787"},{"taxonomy":"product_cat","embeddable":true,"href":"https:\/\/bibliotecavigil.org.ar\/inicio\/wp-json\/wp\/v2\/product_cat?post=29787"},{"taxonomy":"product_tag","embeddable":true,"href":"https:\/\/bibliotecavigil.org.ar\/inicio\/wp-json\/wp\/v2\/product_tag?post=29787"}],"curies":[{"name":"wp","href":"https:\/\/api.w.org\/{rel}","templated":true}]}}

<p>Virginia Beccaría Canelo. ISBN: 978-987-8373-03-4</p>
<p>118 p. / Novela / Colección Prosistas argentinos -6 / 1° edición. Rosario, Editorial Biblioteca, 2020</p>
<p><em>Ganadora del 3º Premio Bienal Federal 2019 de novela corta, organizado por el Programa de Cultura del Consejo Federal de Inversiones. </em></p>
<p>En su brevedad y delicadeza, Muriel y los peces se abre a muchos asuntos, pero narra sobre todo la relación entre dos niñas en el umbral de ingreso a la adolescencia y su reencuentro en la juventud bajo un erotismo que, anclado en la brutalidad y la belleza del campo, lo embebe todo. La melancolía que Virginia Beccaría Canelo imprime a las palabras deposita a su escritura en el borde de lo poético, sin que el relato pierda ni por un momento la fluidez narrativa. Aunque no podría precisar muy bien en qué consiste esa melancolía, me inclino a pensar que, más que a los asuntos, se debe al uso de la lengua, marcada por la llanura y la in- migración de las que la autora proviene y en las que sin dudas abrevó su experiencia. Es el suyo un mundo muy femenino no tanto porque hable de las mujeres, sino sobre todo porque se ocupa de lo mínimo con una sutileza infrecuente. Aquí lo íntimo está lleno de misterio: las formas del abandono, la decepción que pone fin a la infancia, la profunda soledad de los seres humanos y la innombrable necesidad de amor para que el dolor de vivir pueda eclipsarse.</p>

<!-- This site is optimized with the Yoast SEO plugin v27.5 - https://yoast.com/product/yoast-seo-wordpress/ -->
<title>Muriel y los peces - Biblioteca Vigil</title>
<meta name="description" content="Virginia Beccaría Canelo. 118 p. / Novela / Colección Prosistas argentinos -6 / 1° edición. Rosario, Editorial Biblioteca" />
<meta name="robots" content="index, follow, max-snippet:-1, max-image-preview:large, max-video-preview:-1" />
<link rel="canonical" href="https://bibliotecavigil.org.ar/inicio/producto/muriel-y-los-peces/" />
<meta property="og:locale" content="es_ES" />
<meta property="og:type" content="article" />
<meta property="og:title" content="Muriel y los peces - Biblioteca Vigil" />
<meta property="og:description" content="Virginia Beccaría Canelo. 118 p. / Novela / Colección Prosistas argentinos -6 / 1° edición. Rosario, Editorial Biblioteca" />
<meta property="og:url" content="https://bibliotecavigil.org.ar/inicio/producto/muriel-y-los-peces/" />
<meta property="og:site_name" content="Biblioteca Vigil" />
<meta property="article:modified_time" content="2026-03-31T18:15:35+00:00" />
<meta property="og:image" content="https://bibliotecavigil.org.ar/inicio/wp-content/uploads/2021/09/Muriel-y-los-peces.jpg" />
	<meta property="og:image:width" content="819" />
	<meta property="og:image:height" content="1181" />
	<meta property="og:image:type" content="image/jpeg" />
<meta name="twitter:card" content="summary_large_image" />
<script type="application/ld+json" class="yoast-schema-graph">{"@context":"https:\/\/schema.org","@graph":[{"@type":"WebPage","@id":"https:\/\/bibliotecavigil.org.ar\/inicio\/producto\/muriel-y-los-peces\/","url":"https:\/\/bibliotecavigil.org.ar\/inicio\/producto\/muriel-y-los-peces\/","name":"Muriel y los peces - Biblioteca Vigil","isPartOf":{"@id":"https:\/\/bibliotecavigil.org.ar\/inicio\/#website"},"primaryImageOfPage":{"@id":"https:\/\/bibliotecavigil.org.ar\/inicio\/producto\/muriel-y-los-peces\/#primaryimage"},"image":{"@id":"https:\/\/bibliotecavigil.org.ar\/inicio\/producto\/muriel-y-los-peces\/#primaryimage"},"thumbnailUrl":"https:\/\/bibliotecavigil.org.ar\/inicio\/wp-content\/uploads\/2021\/09\/Muriel-y-los-peces.jpg","datePublished":"2021-09-21T02:00:20+00:00","dateModified":"2026-03-31T18:15:35+00:00","description":"Virginia Beccaría Canelo. 118 p. \/ Novela \/ Colección Prosistas argentinos -6 \/ 1° edición. Rosario, Editorial Biblioteca","breadcrumb":{"@id":"https:\/\/bibliotecavigil.org.ar\/inicio\/producto\/muriel-y-los-peces\/#breadcrumb"},"inLanguage":"es","potentialAction":[{"@type":"ReadAction","target":["https:\/\/bibliotecavigil.org.ar\/inicio\/producto\/muriel-y-los-peces\/"]}]},{"@type":"ImageObject","inLanguage":"es","@id":"https:\/\/bibliotecavigil.org.ar\/inicio\/producto\/muriel-y-los-peces\/#primaryimage","url":"https:\/\/bibliotecavigil.org.ar\/inicio\/wp-content\/uploads\/2021\/09\/Muriel-y-los-peces.jpg","contentUrl":"https:\/\/bibliotecavigil.org.ar\/inicio\/wp-content\/uploads\/2021\/09\/Muriel-y-los-peces.jpg","width":819,"height":1181},{"@type":"BreadcrumbList","@id":"https:\/\/bibliotecavigil.org.ar\/inicio\/producto\/muriel-y-los-peces\/#breadcrumb","itemListElement":[{"@type":"ListItem","position":1,"name":"Portada","item":"https:\/\/bibliotecavigil.org.ar\/inicio\/"},{"@type":"ListItem","position":2,"name":"Catálogo","item":"https:\/\/bibliotecavigil.org.ar\/inicio\/catalogo\/"},{"@type":"ListItem","position":3,"name":"Muriel y los peces"}]},{"@type":"WebSite","@id":"https:\/\/bibliotecavigil.org.ar\/inicio\/#website","url":"https:\/\/bibliotecavigil.org.ar\/inicio\/","name":"Biblioteca Vigil","description":"Biblioteca Popular C C Vigil","publisher":{"@id":"https:\/\/bibliotecavigil.org.ar\/inicio\/#organization"},"potentialAction":[{"@type":"SearchAction","target":{"@type":"EntryPoint","urlTemplate":"https:\/\/bibliotecavigil.org.ar\/inicio\/?s={search_term_string}"},"query-input":{"@type":"PropertyValueSpecification","valueRequired":true,"valueName":"search_term_string"}}],"inLanguage":"es"},{"@type":"Organization","@id":"https:\/\/bibliotecavigil.org.ar\/inicio\/#organization","name":"Biblioteca Popular C.C.Vigil","url":"https:\/\/bibliotecavigil.org.ar\/inicio\/","logo":{"@type":"ImageObject","inLanguage":"es","@id":"https:\/\/bibliotecavigil.org.ar\/inicio\/#\/schema\/logo\/image\/","url":"https:\/\/bibliotecavigil.org.ar\/inicio\/wp-content\/uploads\/2023\/06\/Logo-sin-texto-gif.gif","contentUrl":"https:\/\/bibliotecavigil.org.ar\/inicio\/wp-content\/uploads\/2023\/06\/Logo-sin-texto-gif.gif","width":1487,"height":1604,"caption":"Biblioteca Popular C.C.Vigil"},"image":{"@id":"https:\/\/bibliotecavigil.org.ar\/inicio\/#\/schema\/logo\/image\/"}}]}</script>
<!-- / Yoast SEO plugin. -->

Virginia Beccaría Canelo. 118 p. / Novela / Colección Prosistas argentinos -6 / 1° edición. Rosario, Editorial Biblioteca

Catálogo
