{"id":29791,"date":"2021-09-20T23:19:33","date_gmt":"2021-09-21T02:19:33","guid":{"rendered":"https:\/\/bibliotecavigil.org.ar\/inicio\/?post_type=product&#038;p=29791"},"modified":"2026-03-31T15:15:18","modified_gmt":"2026-03-31T18:15:18","slug":"el-comun-oficio-de-escribir","status":"publish","type":"product","link":"https:\/\/bibliotecavigil.org.ar\/inicio\/producto\/el-comun-oficio-de-escribir\/","title":{"rendered":"EL COMU\u0301N OFICIO DE ESCRIBIR"},"content":{"rendered":"","protected":false},"excerpt":{"rendered":"<p>Rodolfo walsh y las derivas de un cuento aparecido<\/p>\n<p>ISBN: 978-987-8373-02-7<\/p>\n<p>61 p. \/ 1\u00b0 edici\u00f3n. Rosario, Editorial Biblioteca, 2021<\/p>\n<p><strong><em>El com\u00fan oficio de escribir<\/em><\/strong> es el resultado de una creaci\u00f3n colectiva y el recorrido que sus m\u00faltiples autorxs hicieron para recuperar los trazos del cuento desaparecido de Rodolfo Walsh, \u201cJuan se iba por el r\u00edo\u201d. Muestra con minucia los diversos ejercicios de escritura creativa y los recursos did\u00e1cticos que lxs asistentes al taller coordinado por el colectivo La Muchedumbre, desarrollaron los mi\u00e9rcoles en la Biblioteca Vigil durante el 2020.<\/p>\n","protected":false},"featured_media":29789,"template":"","meta":{"_et_pb_use_builder":"","_et_pb_old_content":"","_et_gb_content_width":""},"product_brand":[],"product_cat":[31],"product_tag":[],"class_list":{"0":"post-29791","1":"product","2":"type-product","3":"status-publish","4":"has-post-thumbnail","6":"product_cat-novedades","8":"first","9":"outofstock","10":"taxable","11":"shipping-taxable","12":"purchasable","13":"product-type-simple"},"yoast_head":"<!-- This site is optimized with the Yoast SEO plugin v27.5 - https:\/\/yoast.com\/product\/yoast-seo-wordpress\/ -->\n<title>EL COMU\u0301N OFICIO DE ESCRIBIR - Biblioteca Vigil<\/title>\n<meta name=\"description\" content=\"El com\u00fan oficio de escribir es el resultado de una creaci\u00f3n colectiva y el recorrido que sus m\u00faltiples autorxs hicieron para recuperar los ...\" \/>\n<meta name=\"robots\" content=\"index, follow, max-snippet:-1, max-image-preview:large, max-video-preview:-1\" \/>\n<link rel=\"canonical\" href=\"https:\/\/bibliotecavigil.org.ar\/inicio\/producto\/el-comun-oficio-de-escribir\/\" \/>\n<meta property=\"og:locale\" content=\"es_ES\" \/>\n<meta property=\"og:type\" content=\"article\" \/>\n<meta property=\"og:title\" content=\"EL COMU\u0301N OFICIO DE ESCRIBIR - Biblioteca Vigil\" \/>\n<meta property=\"og:description\" content=\"El com\u00fan oficio de escribir es el resultado de una creaci\u00f3n colectiva y el recorrido que sus m\u00faltiples autorxs hicieron para recuperar los ...\" \/>\n<meta property=\"og:url\" content=\"https:\/\/bibliotecavigil.org.ar\/inicio\/producto\/el-comun-oficio-de-escribir\/\" \/>\n<meta property=\"og:site_name\" content=\"Biblioteca Vigil\" \/>\n<meta property=\"article:modified_time\" content=\"2026-03-31T18:15:18+00:00\" \/>\n<meta property=\"og:image\" content=\"https:\/\/bibliotecavigil.org.ar\/inicio\/wp-content\/uploads\/2021\/09\/rodolfo-walsh-01-1.jpg\" \/>\n\t<meta property=\"og:image:width\" content=\"1671\" \/>\n\t<meta property=\"og:image:height\" content=\"2362\" \/>\n\t<meta property=\"og:image:type\" content=\"image\/jpeg\" \/>\n<meta name=\"twitter:card\" content=\"summary_large_image\" \/>\n<script type=\"application\/ld+json\" class=\"yoast-schema-graph\">{\"@context\":\"https:\\\/\\\/schema.org\",\"@graph\":[{\"@type\":\"WebPage\",\"@id\":\"https:\\\/\\\/bibliotecavigil.org.ar\\\/inicio\\\/producto\\\/el-comun-oficio-de-escribir\\\/\",\"url\":\"https:\\\/\\\/bibliotecavigil.org.ar\\\/inicio\\\/producto\\\/el-comun-oficio-de-escribir\\\/\",\"name\":\"EL COMU\u0301N OFICIO DE ESCRIBIR - Biblioteca Vigil\",\"isPartOf\":{\"@id\":\"https:\\\/\\\/bibliotecavigil.org.ar\\\/inicio\\\/#website\"},\"primaryImageOfPage\":{\"@id\":\"https:\\\/\\\/bibliotecavigil.org.ar\\\/inicio\\\/producto\\\/el-comun-oficio-de-escribir\\\/#primaryimage\"},\"image\":{\"@id\":\"https:\\\/\\\/bibliotecavigil.org.ar\\\/inicio\\\/producto\\\/el-comun-oficio-de-escribir\\\/#primaryimage\"},\"thumbnailUrl\":\"https:\\\/\\\/bibliotecavigil.org.ar\\\/inicio\\\/wp-content\\\/uploads\\\/2021\\\/09\\\/rodolfo-walsh-01-1.jpg\",\"datePublished\":\"2021-09-21T02:19:33+00:00\",\"dateModified\":\"2026-03-31T18:15:18+00:00\",\"description\":\"El com\u00fan oficio de escribir es el resultado de una creaci\u00f3n colectiva y el recorrido que sus m\u00faltiples autorxs hicieron para recuperar los ...\",\"breadcrumb\":{\"@id\":\"https:\\\/\\\/bibliotecavigil.org.ar\\\/inicio\\\/producto\\\/el-comun-oficio-de-escribir\\\/#breadcrumb\"},\"inLanguage\":\"es\",\"potentialAction\":[{\"@type\":\"ReadAction\",\"target\":[\"https:\\\/\\\/bibliotecavigil.org.ar\\\/inicio\\\/producto\\\/el-comun-oficio-de-escribir\\\/\"]}]},{\"@type\":\"ImageObject\",\"inLanguage\":\"es\",\"@id\":\"https:\\\/\\\/bibliotecavigil.org.ar\\\/inicio\\\/producto\\\/el-comun-oficio-de-escribir\\\/#primaryimage\",\"url\":\"https:\\\/\\\/bibliotecavigil.org.ar\\\/inicio\\\/wp-content\\\/uploads\\\/2021\\\/09\\\/rodolfo-walsh-01-1.jpg\",\"contentUrl\":\"https:\\\/\\\/bibliotecavigil.org.ar\\\/inicio\\\/wp-content\\\/uploads\\\/2021\\\/09\\\/rodolfo-walsh-01-1.jpg\",\"width\":1671,\"height\":2362},{\"@type\":\"BreadcrumbList\",\"@id\":\"https:\\\/\\\/bibliotecavigil.org.ar\\\/inicio\\\/producto\\\/el-comun-oficio-de-escribir\\\/#breadcrumb\",\"itemListElement\":[{\"@type\":\"ListItem\",\"position\":1,\"name\":\"Portada\",\"item\":\"https:\\\/\\\/bibliotecavigil.org.ar\\\/inicio\\\/\"},{\"@type\":\"ListItem\",\"position\":2,\"name\":\"Cat\u00e1logo\",\"item\":\"https:\\\/\\\/bibliotecavigil.org.ar\\\/inicio\\\/catalogo\\\/\"},{\"@type\":\"ListItem\",\"position\":3,\"name\":\"EL COMU\u0301N OFICIO DE ESCRIBIR\"}]},{\"@type\":\"WebSite\",\"@id\":\"https:\\\/\\\/bibliotecavigil.org.ar\\\/inicio\\\/#website\",\"url\":\"https:\\\/\\\/bibliotecavigil.org.ar\\\/inicio\\\/\",\"name\":\"Biblioteca Vigil\",\"description\":\"Biblioteca Popular C C Vigil\",\"publisher\":{\"@id\":\"https:\\\/\\\/bibliotecavigil.org.ar\\\/inicio\\\/#organization\"},\"potentialAction\":[{\"@type\":\"SearchAction\",\"target\":{\"@type\":\"EntryPoint\",\"urlTemplate\":\"https:\\\/\\\/bibliotecavigil.org.ar\\\/inicio\\\/?s={search_term_string}\"},\"query-input\":{\"@type\":\"PropertyValueSpecification\",\"valueRequired\":true,\"valueName\":\"search_term_string\"}}],\"inLanguage\":\"es\"},{\"@type\":\"Organization\",\"@id\":\"https:\\\/\\\/bibliotecavigil.org.ar\\\/inicio\\\/#organization\",\"name\":\"Biblioteca Popular C.C.Vigil\",\"url\":\"https:\\\/\\\/bibliotecavigil.org.ar\\\/inicio\\\/\",\"logo\":{\"@type\":\"ImageObject\",\"inLanguage\":\"es\",\"@id\":\"https:\\\/\\\/bibliotecavigil.org.ar\\\/inicio\\\/#\\\/schema\\\/logo\\\/image\\\/\",\"url\":\"https:\\\/\\\/bibliotecavigil.org.ar\\\/inicio\\\/wp-content\\\/uploads\\\/2023\\\/06\\\/Logo-sin-texto-gif.gif\",\"contentUrl\":\"https:\\\/\\\/bibliotecavigil.org.ar\\\/inicio\\\/wp-content\\\/uploads\\\/2023\\\/06\\\/Logo-sin-texto-gif.gif\",\"width\":1487,\"height\":1604,\"caption\":\"Biblioteca Popular C.C.Vigil\"},\"image\":{\"@id\":\"https:\\\/\\\/bibliotecavigil.org.ar\\\/inicio\\\/#\\\/schema\\\/logo\\\/image\\\/\"}}]}<\/script>\n<!-- \/ Yoast SEO plugin. -->","yoast_head_json":{"title":"EL COMU\u0301N OFICIO DE ESCRIBIR - Biblioteca Vigil","description":"El com\u00fan oficio de escribir es el resultado de una creaci\u00f3n colectiva y el recorrido que sus m\u00faltiples autorxs hicieron para recuperar los ...","robots":{"index":"index","follow":"follow","max-snippet":"max-snippet:-1","max-image-preview":"max-image-preview:large","max-video-preview":"max-video-preview:-1"},"canonical":"https:\/\/bibliotecavigil.org.ar\/inicio\/producto\/el-comun-oficio-de-escribir\/","og_locale":"es_ES","og_type":"article","og_title":"EL COMU\u0301N OFICIO DE ESCRIBIR - Biblioteca Vigil","og_description":"El com\u00fan oficio de escribir es el resultado de una creaci\u00f3n colectiva y el recorrido que sus m\u00faltiples autorxs hicieron para recuperar los ...","og_url":"https:\/\/bibliotecavigil.org.ar\/inicio\/producto\/el-comun-oficio-de-escribir\/","og_site_name":"Biblioteca Vigil","article_modified_time":"2026-03-31T18:15:18+00:00","og_image":[{"width":1671,"height":2362,"url":"https:\/\/bibliotecavigil.org.ar\/inicio\/wp-content\/uploads\/2021\/09\/rodolfo-walsh-01-1.jpg","type":"image\/jpeg"}],"twitter_card":"summary_large_image","schema":{"@context":"https:\/\/schema.org","@graph":[{"@type":"WebPage","@id":"https:\/\/bibliotecavigil.org.ar\/inicio\/producto\/el-comun-oficio-de-escribir\/","url":"https:\/\/bibliotecavigil.org.ar\/inicio\/producto\/el-comun-oficio-de-escribir\/","name":"EL COMU\u0301N OFICIO DE ESCRIBIR - Biblioteca Vigil","isPartOf":{"@id":"https:\/\/bibliotecavigil.org.ar\/inicio\/#website"},"primaryImageOfPage":{"@id":"https:\/\/bibliotecavigil.org.ar\/inicio\/producto\/el-comun-oficio-de-escribir\/#primaryimage"},"image":{"@id":"https:\/\/bibliotecavigil.org.ar\/inicio\/producto\/el-comun-oficio-de-escribir\/#primaryimage"},"thumbnailUrl":"https:\/\/bibliotecavigil.org.ar\/inicio\/wp-content\/uploads\/2021\/09\/rodolfo-walsh-01-1.jpg","datePublished":"2021-09-21T02:19:33+00:00","dateModified":"2026-03-31T18:15:18+00:00","description":"El com\u00fan oficio de escribir es el resultado de una creaci\u00f3n colectiva y el recorrido que sus m\u00faltiples autorxs hicieron para recuperar los ...","breadcrumb":{"@id":"https:\/\/bibliotecavigil.org.ar\/inicio\/producto\/el-comun-oficio-de-escribir\/#breadcrumb"},"inLanguage":"es","potentialAction":[{"@type":"ReadAction","target":["https:\/\/bibliotecavigil.org.ar\/inicio\/producto\/el-comun-oficio-de-escribir\/"]}]},{"@type":"ImageObject","inLanguage":"es","@id":"https:\/\/bibliotecavigil.org.ar\/inicio\/producto\/el-comun-oficio-de-escribir\/#primaryimage","url":"https:\/\/bibliotecavigil.org.ar\/inicio\/wp-content\/uploads\/2021\/09\/rodolfo-walsh-01-1.jpg","contentUrl":"https:\/\/bibliotecavigil.org.ar\/inicio\/wp-content\/uploads\/2021\/09\/rodolfo-walsh-01-1.jpg","width":1671,"height":2362},{"@type":"BreadcrumbList","@id":"https:\/\/bibliotecavigil.org.ar\/inicio\/producto\/el-comun-oficio-de-escribir\/#breadcrumb","itemListElement":[{"@type":"ListItem","position":1,"name":"Portada","item":"https:\/\/bibliotecavigil.org.ar\/inicio\/"},{"@type":"ListItem","position":2,"name":"Cat\u00e1logo","item":"https:\/\/bibliotecavigil.org.ar\/inicio\/catalogo\/"},{"@type":"ListItem","position":3,"name":"EL COMU\u0301N OFICIO DE ESCRIBIR"}]},{"@type":"WebSite","@id":"https:\/\/bibliotecavigil.org.ar\/inicio\/#website","url":"https:\/\/bibliotecavigil.org.ar\/inicio\/","name":"Biblioteca Vigil","description":"Biblioteca Popular C C Vigil","publisher":{"@id":"https:\/\/bibliotecavigil.org.ar\/inicio\/#organization"},"potentialAction":[{"@type":"SearchAction","target":{"@type":"EntryPoint","urlTemplate":"https:\/\/bibliotecavigil.org.ar\/inicio\/?s={search_term_string}"},"query-input":{"@type":"PropertyValueSpecification","valueRequired":true,"valueName":"search_term_string"}}],"inLanguage":"es"},{"@type":"Organization","@id":"https:\/\/bibliotecavigil.org.ar\/inicio\/#organization","name":"Biblioteca Popular C.C.Vigil","url":"https:\/\/bibliotecavigil.org.ar\/inicio\/","logo":{"@type":"ImageObject","inLanguage":"es","@id":"https:\/\/bibliotecavigil.org.ar\/inicio\/#\/schema\/logo\/image\/","url":"https:\/\/bibliotecavigil.org.ar\/inicio\/wp-content\/uploads\/2023\/06\/Logo-sin-texto-gif.gif","contentUrl":"https:\/\/bibliotecavigil.org.ar\/inicio\/wp-content\/uploads\/2023\/06\/Logo-sin-texto-gif.gif","width":1487,"height":1604,"caption":"Biblioteca Popular C.C.Vigil"},"image":{"@id":"https:\/\/bibliotecavigil.org.ar\/inicio\/#\/schema\/logo\/image\/"}}]}},"_links":{"self":[{"href":"https:\/\/bibliotecavigil.org.ar\/inicio\/wp-json\/wp\/v2\/product\/29791","targetHints":{"allow":["GET"]}}],"collection":[{"href":"https:\/\/bibliotecavigil.org.ar\/inicio\/wp-json\/wp\/v2\/product"}],"about":[{"href":"https:\/\/bibliotecavigil.org.ar\/inicio\/wp-json\/wp\/v2\/types\/product"}],"wp:featuredmedia":[{"embeddable":true,"href":"https:\/\/bibliotecavigil.org.ar\/inicio\/wp-json\/wp\/v2\/media\/29789"}],"wp:attachment":[{"href":"https:\/\/bibliotecavigil.org.ar\/inicio\/wp-json\/wp\/v2\/media?parent=29791"}],"wp:term":[{"taxonomy":"product_brand","embeddable":true,"href":"https:\/\/bibliotecavigil.org.ar\/inicio\/wp-json\/wp\/v2\/product_brand?post=29791"},{"taxonomy":"product_cat","embeddable":true,"href":"https:\/\/bibliotecavigil.org.ar\/inicio\/wp-json\/wp\/v2\/product_cat?post=29791"},{"taxonomy":"product_tag","embeddable":true,"href":"https:\/\/bibliotecavigil.org.ar\/inicio\/wp-json\/wp\/v2\/product_tag?post=29791"}],"curies":[{"name":"wp","href":"https:\/\/api.w.org\/{rel}","templated":true}]}}

<p>Rodolfo walsh y las derivas de un cuento aparecido</p>
<p>ISBN: 978-987-8373-02-7</p>
<p>61 p. / 1° edición. Rosario, Editorial Biblioteca, 2021</p>
<p><strong><em>El común oficio de escribir</em></strong> es el resultado de una creación colectiva y el recorrido que sus múltiples autorxs hicieron para recuperar los trazos del cuento desaparecido de Rodolfo Walsh, “Juan se iba por el río”. Muestra con minucia los diversos ejercicios de escritura creativa y los recursos didácticos que lxs asistentes al taller coordinado por el colectivo La Muchedumbre, desarrollaron los miércoles en la Biblioteca Vigil durante el 2020.</p>

<!-- This site is optimized with the Yoast SEO plugin v27.5 - https://yoast.com/product/yoast-seo-wordpress/ -->
<title>EL COMÚN OFICIO DE ESCRIBIR - Biblioteca Vigil</title>
<meta name="description" content="El común oficio de escribir es el resultado de una creación colectiva y el recorrido que sus múltiples autorxs hicieron para recuperar los ..." />
<meta name="robots" content="index, follow, max-snippet:-1, max-image-preview:large, max-video-preview:-1" />
<link rel="canonical" href="https://bibliotecavigil.org.ar/inicio/producto/el-comun-oficio-de-escribir/" />
<meta property="og:locale" content="es_ES" />
<meta property="og:type" content="article" />
<meta property="og:title" content="EL COMÚN OFICIO DE ESCRIBIR - Biblioteca Vigil" />
<meta property="og:description" content="El común oficio de escribir es el resultado de una creación colectiva y el recorrido que sus múltiples autorxs hicieron para recuperar los ..." />
<meta property="og:url" content="https://bibliotecavigil.org.ar/inicio/producto/el-comun-oficio-de-escribir/" />
<meta property="og:site_name" content="Biblioteca Vigil" />
<meta property="article:modified_time" content="2026-03-31T18:15:18+00:00" />
<meta property="og:image" content="https://bibliotecavigil.org.ar/inicio/wp-content/uploads/2021/09/rodolfo-walsh-01-1.jpg" />
	<meta property="og:image:width" content="1671" />
	<meta property="og:image:height" content="2362" />
	<meta property="og:image:type" content="image/jpeg" />
<meta name="twitter:card" content="summary_large_image" />
<script type="application/ld+json" class="yoast-schema-graph">{"@context":"https:\/\/schema.org","@graph":[{"@type":"WebPage","@id":"https:\/\/bibliotecavigil.org.ar\/inicio\/producto\/el-comun-oficio-de-escribir\/","url":"https:\/\/bibliotecavigil.org.ar\/inicio\/producto\/el-comun-oficio-de-escribir\/","name":"EL COMÚN OFICIO DE ESCRIBIR - Biblioteca Vigil","isPartOf":{"@id":"https:\/\/bibliotecavigil.org.ar\/inicio\/#website"},"primaryImageOfPage":{"@id":"https:\/\/bibliotecavigil.org.ar\/inicio\/producto\/el-comun-oficio-de-escribir\/#primaryimage"},"image":{"@id":"https:\/\/bibliotecavigil.org.ar\/inicio\/producto\/el-comun-oficio-de-escribir\/#primaryimage"},"thumbnailUrl":"https:\/\/bibliotecavigil.org.ar\/inicio\/wp-content\/uploads\/2021\/09\/rodolfo-walsh-01-1.jpg","datePublished":"2021-09-21T02:19:33+00:00","dateModified":"2026-03-31T18:15:18+00:00","description":"El común oficio de escribir es el resultado de una creación colectiva y el recorrido que sus múltiples autorxs hicieron para recuperar los ...","breadcrumb":{"@id":"https:\/\/bibliotecavigil.org.ar\/inicio\/producto\/el-comun-oficio-de-escribir\/#breadcrumb"},"inLanguage":"es","potentialAction":[{"@type":"ReadAction","target":["https:\/\/bibliotecavigil.org.ar\/inicio\/producto\/el-comun-oficio-de-escribir\/"]}]},{"@type":"ImageObject","inLanguage":"es","@id":"https:\/\/bibliotecavigil.org.ar\/inicio\/producto\/el-comun-oficio-de-escribir\/#primaryimage","url":"https:\/\/bibliotecavigil.org.ar\/inicio\/wp-content\/uploads\/2021\/09\/rodolfo-walsh-01-1.jpg","contentUrl":"https:\/\/bibliotecavigil.org.ar\/inicio\/wp-content\/uploads\/2021\/09\/rodolfo-walsh-01-1.jpg","width":1671,"height":2362},{"@type":"BreadcrumbList","@id":"https:\/\/bibliotecavigil.org.ar\/inicio\/producto\/el-comun-oficio-de-escribir\/#breadcrumb","itemListElement":[{"@type":"ListItem","position":1,"name":"Portada","item":"https:\/\/bibliotecavigil.org.ar\/inicio\/"},{"@type":"ListItem","position":2,"name":"Catálogo","item":"https:\/\/bibliotecavigil.org.ar\/inicio\/catalogo\/"},{"@type":"ListItem","position":3,"name":"EL COMÚN OFICIO DE ESCRIBIR"}]},{"@type":"WebSite","@id":"https:\/\/bibliotecavigil.org.ar\/inicio\/#website","url":"https:\/\/bibliotecavigil.org.ar\/inicio\/","name":"Biblioteca Vigil","description":"Biblioteca Popular C C Vigil","publisher":{"@id":"https:\/\/bibliotecavigil.org.ar\/inicio\/#organization"},"potentialAction":[{"@type":"SearchAction","target":{"@type":"EntryPoint","urlTemplate":"https:\/\/bibliotecavigil.org.ar\/inicio\/?s={search_term_string}"},"query-input":{"@type":"PropertyValueSpecification","valueRequired":true,"valueName":"search_term_string"}}],"inLanguage":"es"},{"@type":"Organization","@id":"https:\/\/bibliotecavigil.org.ar\/inicio\/#organization","name":"Biblioteca Popular C.C.Vigil","url":"https:\/\/bibliotecavigil.org.ar\/inicio\/","logo":{"@type":"ImageObject","inLanguage":"es","@id":"https:\/\/bibliotecavigil.org.ar\/inicio\/#\/schema\/logo\/image\/","url":"https:\/\/bibliotecavigil.org.ar\/inicio\/wp-content\/uploads\/2023\/06\/Logo-sin-texto-gif.gif","contentUrl":"https:\/\/bibliotecavigil.org.ar\/inicio\/wp-content\/uploads\/2023\/06\/Logo-sin-texto-gif.gif","width":1487,"height":1604,"caption":"Biblioteca Popular C.C.Vigil"},"image":{"@id":"https:\/\/bibliotecavigil.org.ar\/inicio\/#\/schema\/logo\/image\/"}}]}</script>
<!-- / Yoast SEO plugin. -->

El común oficio de escribir es el resultado de una creación colectiva y el recorrido que sus múltiples autorxs hicieron para recuperar los ...

Catálogo
