{"id":30464,"date":"2022-03-18T15:01:38","date_gmt":"2022-03-18T18:01:38","guid":{"rendered":"https:\/\/bibliotecavigil.org.ar\/inicio\/?post_type=product&#038;p=30464"},"modified":"2026-03-31T15:14:12","modified_gmt":"2026-03-31T18:14:12","slug":"efemerides","status":"publish","type":"product","link":"https:\/\/bibliotecavigil.org.ar\/inicio\/producto\/efemerides\/","title":{"rendered":"Efem\u00e9rides con perspectiva de g\u00e9nero"},"content":{"rendered":"","protected":false},"excerpt":{"rendered":"<p><!-- wp:paragraph --><\/p>\n<p><em>\u00bfPor qu\u00e9 Efem\u00e9rides?<\/em><\/p>\n<p><!-- \/wp:paragraph --> <!-- wp:paragraph --><\/p>\n<p>El siglo XXI puede definirse como el siglo de los plurales: infancias, feminismos, disidencias\u2026 La historia ya no puede transmitirse como relato \u00fanico y objetivo respecto de lo que ocurri\u00f3: la historia se construye, es siempre un producto territorialmente situado, conjetural e interesado. Las efem\u00e9rides son el intersticio que las autoras usan para introducir en los curr\u00edculos personajes y voces generalmente marginadas para resignificar su relevancia.<\/p>\n<p><!-- \/wp:paragraph --> <!-- wp:paragraph --><\/p>\n<p>El campo educativo tiene un lugar estrat\u00e9gico en la consolidaci\u00f3n de esta perspectiva, por eso este material est\u00e1 orientado a lxs trabajadorxs de la educaci\u00f3n de todos los niveles educativos, a lxs estudiantes de nivel superior universitario y no universitario de la formaci\u00f3n docente, a lxs estudiantes del nivel secundario, a las organizaciones sindicales de trabajadorxs de la educaci\u00f3n y a todxs aquellxs comprometidxs con este desaf\u00edo.<\/p>\n<p><!-- \/wp:paragraph --><\/p>\n","protected":false},"featured_media":30465,"template":"","meta":{"_et_pb_use_builder":"","_et_pb_old_content":"","_et_gb_content_width":""},"product_brand":[],"product_cat":[31],"product_tag":[],"class_list":{"0":"post-30464","1":"product","2":"type-product","3":"status-publish","4":"has-post-thumbnail","6":"product_cat-novedades","8":"first","9":"instock","10":"taxable","11":"shipping-taxable","12":"purchasable","13":"product-type-simple"},"yoast_head":"<!-- This site is optimized with the Yoast SEO plugin v27.5 - https:\/\/yoast.com\/product\/yoast-seo-wordpress\/ -->\n<title>Efem\u00e9rides con perspectiva de g\u00e9nero - Biblioteca Vigil<\/title>\n<meta name=\"description\" content=\"Por qu\u00e9 Efem\u00e9rides? El siglo XXI puede definirse como el siglo de los plurales: infancias, feminismos, disidencias\u2026 La historia ya no puede\" \/>\n<meta name=\"robots\" content=\"index, follow, max-snippet:-1, max-image-preview:large, max-video-preview:-1\" \/>\n<link rel=\"canonical\" href=\"https:\/\/bibliotecavigil.org.ar\/inicio\/producto\/efemerides\/\" \/>\n<meta property=\"og:locale\" content=\"es_ES\" \/>\n<meta property=\"og:type\" content=\"article\" \/>\n<meta property=\"og:title\" content=\"Efem\u00e9rides con perspectiva de g\u00e9nero - Biblioteca Vigil\" \/>\n<meta property=\"og:description\" content=\"Por qu\u00e9 Efem\u00e9rides? El siglo XXI puede definirse como el siglo de los plurales: infancias, feminismos, disidencias\u2026 La historia ya no puede\" \/>\n<meta property=\"og:url\" content=\"https:\/\/bibliotecavigil.org.ar\/inicio\/producto\/efemerides\/\" \/>\n<meta property=\"og:site_name\" content=\"Biblioteca Vigil\" \/>\n<meta property=\"article:modified_time\" content=\"2026-03-31T18:14:12+00:00\" \/>\n<meta property=\"og:image\" content=\"https:\/\/bibliotecavigil.org.ar\/inicio\/wp-content\/uploads\/2022\/03\/TAPA-scaled.jpg\" \/>\n\t<meta property=\"og:image:width\" content=\"2094\" \/>\n\t<meta property=\"og:image:height\" content=\"2560\" \/>\n\t<meta property=\"og:image:type\" content=\"image\/jpeg\" \/>\n<meta name=\"twitter:card\" content=\"summary_large_image\" \/>\n<script type=\"application\/ld+json\" class=\"yoast-schema-graph\">{\"@context\":\"https:\\\/\\\/schema.org\",\"@graph\":[{\"@type\":\"WebPage\",\"@id\":\"https:\\\/\\\/bibliotecavigil.org.ar\\\/inicio\\\/producto\\\/efemerides\\\/\",\"url\":\"https:\\\/\\\/bibliotecavigil.org.ar\\\/inicio\\\/producto\\\/efemerides\\\/\",\"name\":\"Efem\u00e9rides con perspectiva de g\u00e9nero - Biblioteca Vigil\",\"isPartOf\":{\"@id\":\"https:\\\/\\\/bibliotecavigil.org.ar\\\/inicio\\\/#website\"},\"primaryImageOfPage\":{\"@id\":\"https:\\\/\\\/bibliotecavigil.org.ar\\\/inicio\\\/producto\\\/efemerides\\\/#primaryimage\"},\"image\":{\"@id\":\"https:\\\/\\\/bibliotecavigil.org.ar\\\/inicio\\\/producto\\\/efemerides\\\/#primaryimage\"},\"thumbnailUrl\":\"https:\\\/\\\/bibliotecavigil.org.ar\\\/inicio\\\/wp-content\\\/uploads\\\/2022\\\/03\\\/TAPA-scaled.jpg\",\"datePublished\":\"2022-03-18T18:01:38+00:00\",\"dateModified\":\"2026-03-31T18:14:12+00:00\",\"description\":\"Por qu\u00e9 Efem\u00e9rides? El siglo XXI puede definirse como el siglo de los plurales: infancias, feminismos, disidencias\u2026 La historia ya no puede\",\"breadcrumb\":{\"@id\":\"https:\\\/\\\/bibliotecavigil.org.ar\\\/inicio\\\/producto\\\/efemerides\\\/#breadcrumb\"},\"inLanguage\":\"es\",\"potentialAction\":[{\"@type\":\"ReadAction\",\"target\":[\"https:\\\/\\\/bibliotecavigil.org.ar\\\/inicio\\\/producto\\\/efemerides\\\/\"]}]},{\"@type\":\"ImageObject\",\"inLanguage\":\"es\",\"@id\":\"https:\\\/\\\/bibliotecavigil.org.ar\\\/inicio\\\/producto\\\/efemerides\\\/#primaryimage\",\"url\":\"https:\\\/\\\/bibliotecavigil.org.ar\\\/inicio\\\/wp-content\\\/uploads\\\/2022\\\/03\\\/TAPA-scaled.jpg\",\"contentUrl\":\"https:\\\/\\\/bibliotecavigil.org.ar\\\/inicio\\\/wp-content\\\/uploads\\\/2022\\\/03\\\/TAPA-scaled.jpg\",\"width\":2094,\"height\":2560},{\"@type\":\"BreadcrumbList\",\"@id\":\"https:\\\/\\\/bibliotecavigil.org.ar\\\/inicio\\\/producto\\\/efemerides\\\/#breadcrumb\",\"itemListElement\":[{\"@type\":\"ListItem\",\"position\":1,\"name\":\"Portada\",\"item\":\"https:\\\/\\\/bibliotecavigil.org.ar\\\/inicio\\\/\"},{\"@type\":\"ListItem\",\"position\":2,\"name\":\"Cat\u00e1logo\",\"item\":\"https:\\\/\\\/bibliotecavigil.org.ar\\\/inicio\\\/catalogo\\\/\"},{\"@type\":\"ListItem\",\"position\":3,\"name\":\"Efem\u00e9rides con perspectiva de g\u00e9nero\"}]},{\"@type\":\"WebSite\",\"@id\":\"https:\\\/\\\/bibliotecavigil.org.ar\\\/inicio\\\/#website\",\"url\":\"https:\\\/\\\/bibliotecavigil.org.ar\\\/inicio\\\/\",\"name\":\"Biblioteca Vigil\",\"description\":\"Biblioteca Popular C C Vigil\",\"publisher\":{\"@id\":\"https:\\\/\\\/bibliotecavigil.org.ar\\\/inicio\\\/#organization\"},\"potentialAction\":[{\"@type\":\"SearchAction\",\"target\":{\"@type\":\"EntryPoint\",\"urlTemplate\":\"https:\\\/\\\/bibliotecavigil.org.ar\\\/inicio\\\/?s={search_term_string}\"},\"query-input\":{\"@type\":\"PropertyValueSpecification\",\"valueRequired\":true,\"valueName\":\"search_term_string\"}}],\"inLanguage\":\"es\"},{\"@type\":\"Organization\",\"@id\":\"https:\\\/\\\/bibliotecavigil.org.ar\\\/inicio\\\/#organization\",\"name\":\"Biblioteca Popular C.C.Vigil\",\"url\":\"https:\\\/\\\/bibliotecavigil.org.ar\\\/inicio\\\/\",\"logo\":{\"@type\":\"ImageObject\",\"inLanguage\":\"es\",\"@id\":\"https:\\\/\\\/bibliotecavigil.org.ar\\\/inicio\\\/#\\\/schema\\\/logo\\\/image\\\/\",\"url\":\"https:\\\/\\\/bibliotecavigil.org.ar\\\/inicio\\\/wp-content\\\/uploads\\\/2023\\\/06\\\/Logo-sin-texto-gif.gif\",\"contentUrl\":\"https:\\\/\\\/bibliotecavigil.org.ar\\\/inicio\\\/wp-content\\\/uploads\\\/2023\\\/06\\\/Logo-sin-texto-gif.gif\",\"width\":1487,\"height\":1604,\"caption\":\"Biblioteca Popular C.C.Vigil\"},\"image\":{\"@id\":\"https:\\\/\\\/bibliotecavigil.org.ar\\\/inicio\\\/#\\\/schema\\\/logo\\\/image\\\/\"}}]}<\/script>\n<!-- \/ Yoast SEO plugin. -->","yoast_head_json":{"title":"Efem\u00e9rides con perspectiva de g\u00e9nero - Biblioteca Vigil","description":"Por qu\u00e9 Efem\u00e9rides? El siglo XXI puede definirse como el siglo de los plurales: infancias, feminismos, disidencias\u2026 La historia ya no puede","robots":{"index":"index","follow":"follow","max-snippet":"max-snippet:-1","max-image-preview":"max-image-preview:large","max-video-preview":"max-video-preview:-1"},"canonical":"https:\/\/bibliotecavigil.org.ar\/inicio\/producto\/efemerides\/","og_locale":"es_ES","og_type":"article","og_title":"Efem\u00e9rides con perspectiva de g\u00e9nero - Biblioteca Vigil","og_description":"Por qu\u00e9 Efem\u00e9rides? El siglo XXI puede definirse como el siglo de los plurales: infancias, feminismos, disidencias\u2026 La historia ya no puede","og_url":"https:\/\/bibliotecavigil.org.ar\/inicio\/producto\/efemerides\/","og_site_name":"Biblioteca Vigil","article_modified_time":"2026-03-31T18:14:12+00:00","og_image":[{"width":2094,"height":2560,"url":"https:\/\/bibliotecavigil.org.ar\/inicio\/wp-content\/uploads\/2022\/03\/TAPA-scaled.jpg","type":"image\/jpeg"}],"twitter_card":"summary_large_image","schema":{"@context":"https:\/\/schema.org","@graph":[{"@type":"WebPage","@id":"https:\/\/bibliotecavigil.org.ar\/inicio\/producto\/efemerides\/","url":"https:\/\/bibliotecavigil.org.ar\/inicio\/producto\/efemerides\/","name":"Efem\u00e9rides con perspectiva de g\u00e9nero - Biblioteca Vigil","isPartOf":{"@id":"https:\/\/bibliotecavigil.org.ar\/inicio\/#website"},"primaryImageOfPage":{"@id":"https:\/\/bibliotecavigil.org.ar\/inicio\/producto\/efemerides\/#primaryimage"},"image":{"@id":"https:\/\/bibliotecavigil.org.ar\/inicio\/producto\/efemerides\/#primaryimage"},"thumbnailUrl":"https:\/\/bibliotecavigil.org.ar\/inicio\/wp-content\/uploads\/2022\/03\/TAPA-scaled.jpg","datePublished":"2022-03-18T18:01:38+00:00","dateModified":"2026-03-31T18:14:12+00:00","description":"Por qu\u00e9 Efem\u00e9rides? El siglo XXI puede definirse como el siglo de los plurales: infancias, feminismos, disidencias\u2026 La historia ya no puede","breadcrumb":{"@id":"https:\/\/bibliotecavigil.org.ar\/inicio\/producto\/efemerides\/#breadcrumb"},"inLanguage":"es","potentialAction":[{"@type":"ReadAction","target":["https:\/\/bibliotecavigil.org.ar\/inicio\/producto\/efemerides\/"]}]},{"@type":"ImageObject","inLanguage":"es","@id":"https:\/\/bibliotecavigil.org.ar\/inicio\/producto\/efemerides\/#primaryimage","url":"https:\/\/bibliotecavigil.org.ar\/inicio\/wp-content\/uploads\/2022\/03\/TAPA-scaled.jpg","contentUrl":"https:\/\/bibliotecavigil.org.ar\/inicio\/wp-content\/uploads\/2022\/03\/TAPA-scaled.jpg","width":2094,"height":2560},{"@type":"BreadcrumbList","@id":"https:\/\/bibliotecavigil.org.ar\/inicio\/producto\/efemerides\/#breadcrumb","itemListElement":[{"@type":"ListItem","position":1,"name":"Portada","item":"https:\/\/bibliotecavigil.org.ar\/inicio\/"},{"@type":"ListItem","position":2,"name":"Cat\u00e1logo","item":"https:\/\/bibliotecavigil.org.ar\/inicio\/catalogo\/"},{"@type":"ListItem","position":3,"name":"Efem\u00e9rides con perspectiva de g\u00e9nero"}]},{"@type":"WebSite","@id":"https:\/\/bibliotecavigil.org.ar\/inicio\/#website","url":"https:\/\/bibliotecavigil.org.ar\/inicio\/","name":"Biblioteca Vigil","description":"Biblioteca Popular C C Vigil","publisher":{"@id":"https:\/\/bibliotecavigil.org.ar\/inicio\/#organization"},"potentialAction":[{"@type":"SearchAction","target":{"@type":"EntryPoint","urlTemplate":"https:\/\/bibliotecavigil.org.ar\/inicio\/?s={search_term_string}"},"query-input":{"@type":"PropertyValueSpecification","valueRequired":true,"valueName":"search_term_string"}}],"inLanguage":"es"},{"@type":"Organization","@id":"https:\/\/bibliotecavigil.org.ar\/inicio\/#organization","name":"Biblioteca Popular C.C.Vigil","url":"https:\/\/bibliotecavigil.org.ar\/inicio\/","logo":{"@type":"ImageObject","inLanguage":"es","@id":"https:\/\/bibliotecavigil.org.ar\/inicio\/#\/schema\/logo\/image\/","url":"https:\/\/bibliotecavigil.org.ar\/inicio\/wp-content\/uploads\/2023\/06\/Logo-sin-texto-gif.gif","contentUrl":"https:\/\/bibliotecavigil.org.ar\/inicio\/wp-content\/uploads\/2023\/06\/Logo-sin-texto-gif.gif","width":1487,"height":1604,"caption":"Biblioteca Popular C.C.Vigil"},"image":{"@id":"https:\/\/bibliotecavigil.org.ar\/inicio\/#\/schema\/logo\/image\/"}}]}},"_links":{"self":[{"href":"https:\/\/bibliotecavigil.org.ar\/inicio\/wp-json\/wp\/v2\/product\/30464","targetHints":{"allow":["GET"]}}],"collection":[{"href":"https:\/\/bibliotecavigil.org.ar\/inicio\/wp-json\/wp\/v2\/product"}],"about":[{"href":"https:\/\/bibliotecavigil.org.ar\/inicio\/wp-json\/wp\/v2\/types\/product"}],"wp:featuredmedia":[{"embeddable":true,"href":"https:\/\/bibliotecavigil.org.ar\/inicio\/wp-json\/wp\/v2\/media\/30465"}],"wp:attachment":[{"href":"https:\/\/bibliotecavigil.org.ar\/inicio\/wp-json\/wp\/v2\/media?parent=30464"}],"wp:term":[{"taxonomy":"product_brand","embeddable":true,"href":"https:\/\/bibliotecavigil.org.ar\/inicio\/wp-json\/wp\/v2\/product_brand?post=30464"},{"taxonomy":"product_cat","embeddable":true,"href":"https:\/\/bibliotecavigil.org.ar\/inicio\/wp-json\/wp\/v2\/product_cat?post=30464"},{"taxonomy":"product_tag","embeddable":true,"href":"https:\/\/bibliotecavigil.org.ar\/inicio\/wp-json\/wp\/v2\/product_tag?post=30464"}],"curies":[{"name":"wp","href":"https:\/\/api.w.org\/{rel}","templated":true}]}}

Efemérides con perspectiva de género

<p><!-- wp:paragraph --></p>
<p><em>¿Por qué Efemérides?</em></p>
<p><!-- /wp:paragraph --> <!-- wp:paragraph --></p>
<p>El siglo XXI puede definirse como el siglo de los plurales: infancias, feminismos, disidencias… La historia ya no puede transmitirse como relato único y objetivo respecto de lo que ocurrió: la historia se construye, es siempre un producto territorialmente situado, conjetural e interesado. Las efemérides son el intersticio que las autoras usan para introducir en los currículos personajes y voces generalmente marginadas para resignificar su relevancia.</p>
<p><!-- /wp:paragraph --> <!-- wp:paragraph --></p>
<p>El campo educativo tiene un lugar estratégico en la consolidación de esta perspectiva, por eso este material está orientado a lxs trabajadorxs de la educación de todos los niveles educativos, a lxs estudiantes de nivel superior universitario y no universitario de la formación docente, a lxs estudiantes del nivel secundario, a las organizaciones sindicales de trabajadorxs de la educación y a todxs aquellxs comprometidxs con este desafío.</p>
<p><!-- /wp:paragraph --></p>

<!-- This site is optimized with the Yoast SEO plugin v27.5 - https://yoast.com/product/yoast-seo-wordpress/ -->
<title>Efemérides con perspectiva de género - Biblioteca Vigil</title>
<meta name="description" content="Por qué Efemérides? El siglo XXI puede definirse como el siglo de los plurales: infancias, feminismos, disidencias… La historia ya no puede" />
<meta name="robots" content="index, follow, max-snippet:-1, max-image-preview:large, max-video-preview:-1" />
<link rel="canonical" href="https://bibliotecavigil.org.ar/inicio/producto/efemerides/" />
<meta property="og:locale" content="es_ES" />
<meta property="og:type" content="article" />
<meta property="og:title" content="Efemérides con perspectiva de género - Biblioteca Vigil" />
<meta property="og:description" content="Por qué Efemérides? El siglo XXI puede definirse como el siglo de los plurales: infancias, feminismos, disidencias… La historia ya no puede" />
<meta property="og:url" content="https://bibliotecavigil.org.ar/inicio/producto/efemerides/" />
<meta property="og:site_name" content="Biblioteca Vigil" />
<meta property="article:modified_time" content="2026-03-31T18:14:12+00:00" />
<meta property="og:image" content="https://bibliotecavigil.org.ar/inicio/wp-content/uploads/2022/03/TAPA-scaled.jpg" />
	<meta property="og:image:width" content="2094" />
	<meta property="og:image:height" content="2560" />
	<meta property="og:image:type" content="image/jpeg" />
<meta name="twitter:card" content="summary_large_image" />
<script type="application/ld+json" class="yoast-schema-graph">{"@context":"https:\/\/schema.org","@graph":[{"@type":"WebPage","@id":"https:\/\/bibliotecavigil.org.ar\/inicio\/producto\/efemerides\/","url":"https:\/\/bibliotecavigil.org.ar\/inicio\/producto\/efemerides\/","name":"Efemérides con perspectiva de género - Biblioteca Vigil","isPartOf":{"@id":"https:\/\/bibliotecavigil.org.ar\/inicio\/#website"},"primaryImageOfPage":{"@id":"https:\/\/bibliotecavigil.org.ar\/inicio\/producto\/efemerides\/#primaryimage"},"image":{"@id":"https:\/\/bibliotecavigil.org.ar\/inicio\/producto\/efemerides\/#primaryimage"},"thumbnailUrl":"https:\/\/bibliotecavigil.org.ar\/inicio\/wp-content\/uploads\/2022\/03\/TAPA-scaled.jpg","datePublished":"2022-03-18T18:01:38+00:00","dateModified":"2026-03-31T18:14:12+00:00","description":"Por qué Efemérides? El siglo XXI puede definirse como el siglo de los plurales: infancias, feminismos, disidencias… La historia ya no puede","breadcrumb":{"@id":"https:\/\/bibliotecavigil.org.ar\/inicio\/producto\/efemerides\/#breadcrumb"},"inLanguage":"es","potentialAction":[{"@type":"ReadAction","target":["https:\/\/bibliotecavigil.org.ar\/inicio\/producto\/efemerides\/"]}]},{"@type":"ImageObject","inLanguage":"es","@id":"https:\/\/bibliotecavigil.org.ar\/inicio\/producto\/efemerides\/#primaryimage","url":"https:\/\/bibliotecavigil.org.ar\/inicio\/wp-content\/uploads\/2022\/03\/TAPA-scaled.jpg","contentUrl":"https:\/\/bibliotecavigil.org.ar\/inicio\/wp-content\/uploads\/2022\/03\/TAPA-scaled.jpg","width":2094,"height":2560},{"@type":"BreadcrumbList","@id":"https:\/\/bibliotecavigil.org.ar\/inicio\/producto\/efemerides\/#breadcrumb","itemListElement":[{"@type":"ListItem","position":1,"name":"Portada","item":"https:\/\/bibliotecavigil.org.ar\/inicio\/"},{"@type":"ListItem","position":2,"name":"Catálogo","item":"https:\/\/bibliotecavigil.org.ar\/inicio\/catalogo\/"},{"@type":"ListItem","position":3,"name":"Efemérides con perspectiva de género"}]},{"@type":"WebSite","@id":"https:\/\/bibliotecavigil.org.ar\/inicio\/#website","url":"https:\/\/bibliotecavigil.org.ar\/inicio\/","name":"Biblioteca Vigil","description":"Biblioteca Popular C C Vigil","publisher":{"@id":"https:\/\/bibliotecavigil.org.ar\/inicio\/#organization"},"potentialAction":[{"@type":"SearchAction","target":{"@type":"EntryPoint","urlTemplate":"https:\/\/bibliotecavigil.org.ar\/inicio\/?s={search_term_string}"},"query-input":{"@type":"PropertyValueSpecification","valueRequired":true,"valueName":"search_term_string"}}],"inLanguage":"es"},{"@type":"Organization","@id":"https:\/\/bibliotecavigil.org.ar\/inicio\/#organization","name":"Biblioteca Popular C.C.Vigil","url":"https:\/\/bibliotecavigil.org.ar\/inicio\/","logo":{"@type":"ImageObject","inLanguage":"es","@id":"https:\/\/bibliotecavigil.org.ar\/inicio\/#\/schema\/logo\/image\/","url":"https:\/\/bibliotecavigil.org.ar\/inicio\/wp-content\/uploads\/2023\/06\/Logo-sin-texto-gif.gif","contentUrl":"https:\/\/bibliotecavigil.org.ar\/inicio\/wp-content\/uploads\/2023\/06\/Logo-sin-texto-gif.gif","width":1487,"height":1604,"caption":"Biblioteca Popular C.C.Vigil"},"image":{"@id":"https:\/\/bibliotecavigil.org.ar\/inicio\/#\/schema\/logo\/image\/"}}]}</script>
<!-- / Yoast SEO plugin. -->

Efemérides con perspectiva de género - Biblioteca Vigil

Por qué Efemérides? El siglo XXI puede definirse como el siglo de los plurales: infancias, feminismos, disidencias… La historia ya no puede

Catálogo
