{"id":967,"date":"2024-11-06T15:58:32","date_gmt":"2024-11-06T18:58:32","guid":{"rendered":"https:\/\/bibliotecavigil.org.ar\/socios\/?post_type=product&#038;p=967"},"modified":"2026-03-31T14:44:50","modified_gmt":"2026-03-31T17:44:50","slug":"el-poema-no-es","status":"publish","type":"product","link":"https:\/\/bibliotecavigil.org.ar\/socios\/producto\/el-poema-no-es\/","title":{"rendered":"El poema no es"},"content":{"rendered":"","protected":false},"excerpt":{"rendered":"<ol>\n<li>Rub\u00e9n Sevlever. ISBN 978-987-45899-4-1.<\/li>\n<\/ol>\n<p>321 p. \/ Poes\u00eda \/ Colecci\u00f3n Homenaje -3 \/ 1\u00b0 edici\u00f3n. Rosario, Editorial Biblioteca, 2017.<\/p>\n<p>En esta ocasi\u00f3n, preparamos y reunimos todos sus poemas editados en los libros <em>Poemas<\/em> (1956-1964), <em>Enjambre de palabras<\/em> (1996) y <em>Poemas elegidos<\/em> (2012). Premiado\u00a0 en\u00a0 varias\u00a0 ocasiones\u00a0 por\u00a0 su\u00a0 b\u00fasqueda\u00a0 est\u00e9tica,\u00a0 Rub\u00e9n\u00a0 Sevlever\u00a0 fue\u00a0 parte\u00a0 de\u00a0 las\u00a0 mejores\u00a0 experiencias\u00a0 po\u00e9ticas\u00a0 y\u00a0 literarias\u00a0 de\u00a0 nuestra\u00a0 provincia,\u00a0 compartiendo la aventura (y la amistad) con Juan Jos\u00e9 Saer, Aldo Oliva, Mario Levrero, Juan L. Ortiz, Hugo Gola, entre tantos otros y otras que, desde la revista <em>Pausa<\/em>, desde el caf\u00e9, vendiendo libros o en las m\u00faltiples instancias de activaci\u00f3n cultural promovidas por la librer\u00eda Aries, dieron forma a la literatura de nuestra regi\u00f3n<\/p>\n","protected":false},"featured_media":393,"template":"","meta":{"_et_pb_use_builder":"","_et_pb_old_content":"","_et_gb_content_width":""},"product_brand":[],"product_cat":[37],"product_tag":[],"class_list":{"0":"post-967","1":"product","2":"type-product","3":"status-publish","4":"has-post-thumbnail","6":"product_cat-homenaje","8":"first","9":"instock","10":"sale","11":"shipping-taxable","12":"purchasable","13":"product-type-simple"},"yoast_head":"<!-- This site is optimized with the Yoast SEO plugin v27.3 - https:\/\/yoast.com\/product\/yoast-seo-wordpress\/ -->\n<title>El poema no es - Socios<\/title>\n<meta name=\"robots\" content=\"index, follow, max-snippet:-1, max-image-preview:large, max-video-preview:-1\" \/>\n<link rel=\"canonical\" href=\"https:\/\/bibliotecavigil.org.ar\/socios\/producto\/el-poema-no-es\/\" \/>\n<meta property=\"og:locale\" content=\"es_ES\" \/>\n<meta property=\"og:type\" content=\"article\" \/>\n<meta property=\"og:title\" content=\"El poema no es - Socios\" \/>\n<meta property=\"og:description\" content=\"Rub\u00e9n Sevlever. ISBN 978-987-45899-4-1.  321 p. \/ Poes\u00eda \/ Colecci\u00f3n Homenaje -3 \/ 1\u00b0 edici\u00f3n. Rosario, Editorial Biblioteca, 2017.  En esta ocasi\u00f3n, preparamos y reunimos todos sus poemas editados en los libros Poemas (1956-1964), Enjambre de palabras (1996) y Poemas elegidos (2012). Premiado\u00a0 en\u00a0 varias\u00a0 ocasiones\u00a0 por\u00a0 su\u00a0 b\u00fasqueda\u00a0 est\u00e9tica,\u00a0 Rub\u00e9n\u00a0 Sevlever\u00a0 fue\u00a0 parte\u00a0 de\u00a0 las\u00a0 mejores\u00a0 experiencias\u00a0 po\u00e9ticas\u00a0 y\u00a0 literarias\u00a0 de\u00a0 nuestra\u00a0 provincia,\u00a0 compartiendo la aventura (y la amistad) con Juan Jos\u00e9 Saer, Aldo Oliva, Mario Levrero, Juan L. Ortiz, Hugo Gola, entre tantos otros y otras que, desde la revista Pausa, desde el caf\u00e9, vendiendo libros o en las m\u00faltiples instancias de activaci\u00f3n cultural promovidas por la librer\u00eda Aries, dieron forma a la literatura de nuestra regi\u00f3n\" \/>\n<meta property=\"og:url\" content=\"https:\/\/bibliotecavigil.org.ar\/socios\/producto\/el-poema-no-es\/\" \/>\n<meta property=\"og:site_name\" content=\"Socios\" \/>\n<meta property=\"article:publisher\" content=\"https:\/\/www.facebook.com\/BibliotecaVigil\" \/>\n<meta property=\"article:modified_time\" content=\"2026-03-31T17:44:50+00:00\" \/>\n<meta property=\"og:image\" content=\"https:\/\/bibliotecavigil.org.ar\/socios\/wp-content\/uploads\/2023\/07\/tapa-sevlever-01-scaled-1.jpg\" \/>\n\t<meta property=\"og:image:width\" content=\"1394\" \/>\n\t<meta property=\"og:image:height\" content=\"2048\" \/>\n\t<meta property=\"og:image:type\" content=\"image\/jpeg\" \/>\n<meta name=\"twitter:card\" content=\"summary_large_image\" \/>\n<meta name=\"twitter:label1\" content=\"Tiempo de lectura\" \/>\n\t<meta name=\"twitter:data1\" content=\"1 minuto\" \/>\n<script type=\"application\/ld+json\" class=\"yoast-schema-graph\">{\"@context\":\"https:\\\/\\\/schema.org\",\"@graph\":[{\"@type\":\"WebPage\",\"@id\":\"https:\\\/\\\/bibliotecavigil.org.ar\\\/socios\\\/producto\\\/el-poema-no-es\\\/\",\"url\":\"https:\\\/\\\/bibliotecavigil.org.ar\\\/socios\\\/producto\\\/el-poema-no-es\\\/\",\"name\":\"El poema no es - Socios\",\"isPartOf\":{\"@id\":\"https:\\\/\\\/bibliotecavigil.org.ar\\\/socios\\\/#website\"},\"primaryImageOfPage\":{\"@id\":\"https:\\\/\\\/bibliotecavigil.org.ar\\\/socios\\\/producto\\\/el-poema-no-es\\\/#primaryimage\"},\"image\":{\"@id\":\"https:\\\/\\\/bibliotecavigil.org.ar\\\/socios\\\/producto\\\/el-poema-no-es\\\/#primaryimage\"},\"thumbnailUrl\":\"https:\\\/\\\/bibliotecavigil.org.ar\\\/socios\\\/wp-content\\\/uploads\\\/2023\\\/07\\\/tapa-sevlever-01-scaled-1.jpg\",\"datePublished\":\"2024-11-06T18:58:32+00:00\",\"dateModified\":\"2026-03-31T17:44:50+00:00\",\"breadcrumb\":{\"@id\":\"https:\\\/\\\/bibliotecavigil.org.ar\\\/socios\\\/producto\\\/el-poema-no-es\\\/#breadcrumb\"},\"inLanguage\":\"es\",\"potentialAction\":[{\"@type\":\"ReadAction\",\"target\":[\"https:\\\/\\\/bibliotecavigil.org.ar\\\/socios\\\/producto\\\/el-poema-no-es\\\/\"]}]},{\"@type\":\"ImageObject\",\"inLanguage\":\"es\",\"@id\":\"https:\\\/\\\/bibliotecavigil.org.ar\\\/socios\\\/producto\\\/el-poema-no-es\\\/#primaryimage\",\"url\":\"https:\\\/\\\/bibliotecavigil.org.ar\\\/socios\\\/wp-content\\\/uploads\\\/2023\\\/07\\\/tapa-sevlever-01-scaled-1.jpg\",\"contentUrl\":\"https:\\\/\\\/bibliotecavigil.org.ar\\\/socios\\\/wp-content\\\/uploads\\\/2023\\\/07\\\/tapa-sevlever-01-scaled-1.jpg\",\"width\":1394,\"height\":2048},{\"@type\":\"BreadcrumbList\",\"@id\":\"https:\\\/\\\/bibliotecavigil.org.ar\\\/socios\\\/producto\\\/el-poema-no-es\\\/#breadcrumb\",\"itemListElement\":[{\"@type\":\"ListItem\",\"position\":1,\"name\":\"Portada\",\"item\":\"https:\\\/\\\/bibliotecavigil.org.ar\\\/socios\\\/\"},{\"@type\":\"ListItem\",\"position\":2,\"name\":\"Catalogo\",\"item\":\"https:\\\/\\\/bibliotecavigil.org.ar\\\/socios\\\/catalogo\\\/\"},{\"@type\":\"ListItem\",\"position\":3,\"name\":\"El poema no es\"}]},{\"@type\":\"WebSite\",\"@id\":\"https:\\\/\\\/bibliotecavigil.org.ar\\\/socios\\\/#website\",\"url\":\"https:\\\/\\\/bibliotecavigil.org.ar\\\/socios\\\/\",\"name\":\"Socios\",\"description\":\"Socios Vigil\",\"publisher\":{\"@id\":\"https:\\\/\\\/bibliotecavigil.org.ar\\\/socios\\\/#organization\"},\"potentialAction\":[{\"@type\":\"SearchAction\",\"target\":{\"@type\":\"EntryPoint\",\"urlTemplate\":\"https:\\\/\\\/bibliotecavigil.org.ar\\\/socios\\\/?s={search_term_string}\"},\"query-input\":{\"@type\":\"PropertyValueSpecification\",\"valueRequired\":true,\"valueName\":\"search_term_string\"}}],\"inLanguage\":\"es\"},{\"@type\":\"Organization\",\"@id\":\"https:\\\/\\\/bibliotecavigil.org.ar\\\/socios\\\/#organization\",\"name\":\"Biblioteca CC Vigil\",\"url\":\"https:\\\/\\\/bibliotecavigil.org.ar\\\/socios\\\/\",\"logo\":{\"@type\":\"ImageObject\",\"inLanguage\":\"es\",\"@id\":\"https:\\\/\\\/bibliotecavigil.org.ar\\\/socios\\\/#\\\/schema\\\/logo\\\/image\\\/\",\"url\":\"https:\\\/\\\/bibliotecavigil.org.ar\\\/socios\\\/wp-content\\\/uploads\\\/2022\\\/03\\\/cropped-logo-color-01-copia.gif\",\"contentUrl\":\"https:\\\/\\\/bibliotecavigil.org.ar\\\/socios\\\/wp-content\\\/uploads\\\/2022\\\/03\\\/cropped-logo-color-01-copia.gif\",\"width\":512,\"height\":512,\"caption\":\"Biblioteca CC Vigil\"},\"image\":{\"@id\":\"https:\\\/\\\/bibliotecavigil.org.ar\\\/socios\\\/#\\\/schema\\\/logo\\\/image\\\/\"},\"sameAs\":[\"https:\\\/\\\/www.facebook.com\\\/BibliotecaVigil\",\"https:\\\/\\\/www.instagram.com\\\/la_vigil\\\/\"]}]}<\/script>\n<!-- \/ Yoast SEO plugin. -->","yoast_head_json":{"title":"El poema no es - Socios","robots":{"index":"index","follow":"follow","max-snippet":"max-snippet:-1","max-image-preview":"max-image-preview:large","max-video-preview":"max-video-preview:-1"},"canonical":"https:\/\/bibliotecavigil.org.ar\/socios\/producto\/el-poema-no-es\/","og_locale":"es_ES","og_type":"article","og_title":"El poema no es - Socios","og_description":"Rub\u00e9n Sevlever. ISBN 978-987-45899-4-1.  321 p. \/ Poes\u00eda \/ Colecci\u00f3n Homenaje -3 \/ 1\u00b0 edici\u00f3n. Rosario, Editorial Biblioteca, 2017.  En esta ocasi\u00f3n, preparamos y reunimos todos sus poemas editados en los libros Poemas (1956-1964), Enjambre de palabras (1996) y Poemas elegidos (2012). Premiado\u00a0 en\u00a0 varias\u00a0 ocasiones\u00a0 por\u00a0 su\u00a0 b\u00fasqueda\u00a0 est\u00e9tica,\u00a0 Rub\u00e9n\u00a0 Sevlever\u00a0 fue\u00a0 parte\u00a0 de\u00a0 las\u00a0 mejores\u00a0 experiencias\u00a0 po\u00e9ticas\u00a0 y\u00a0 literarias\u00a0 de\u00a0 nuestra\u00a0 provincia,\u00a0 compartiendo la aventura (y la amistad) con Juan Jos\u00e9 Saer, Aldo Oliva, Mario Levrero, Juan L. Ortiz, Hugo Gola, entre tantos otros y otras que, desde la revista Pausa, desde el caf\u00e9, vendiendo libros o en las m\u00faltiples instancias de activaci\u00f3n cultural promovidas por la librer\u00eda Aries, dieron forma a la literatura de nuestra regi\u00f3n","og_url":"https:\/\/bibliotecavigil.org.ar\/socios\/producto\/el-poema-no-es\/","og_site_name":"Socios","article_publisher":"https:\/\/www.facebook.com\/BibliotecaVigil","article_modified_time":"2026-03-31T17:44:50+00:00","og_image":[{"width":1394,"height":2048,"url":"https:\/\/bibliotecavigil.org.ar\/socios\/wp-content\/uploads\/2023\/07\/tapa-sevlever-01-scaled-1.jpg","type":"image\/jpeg"}],"twitter_card":"summary_large_image","twitter_misc":{"Tiempo de lectura":"1 minuto"},"schema":{"@context":"https:\/\/schema.org","@graph":[{"@type":"WebPage","@id":"https:\/\/bibliotecavigil.org.ar\/socios\/producto\/el-poema-no-es\/","url":"https:\/\/bibliotecavigil.org.ar\/socios\/producto\/el-poema-no-es\/","name":"El poema no es - Socios","isPartOf":{"@id":"https:\/\/bibliotecavigil.org.ar\/socios\/#website"},"primaryImageOfPage":{"@id":"https:\/\/bibliotecavigil.org.ar\/socios\/producto\/el-poema-no-es\/#primaryimage"},"image":{"@id":"https:\/\/bibliotecavigil.org.ar\/socios\/producto\/el-poema-no-es\/#primaryimage"},"thumbnailUrl":"https:\/\/bibliotecavigil.org.ar\/socios\/wp-content\/uploads\/2023\/07\/tapa-sevlever-01-scaled-1.jpg","datePublished":"2024-11-06T18:58:32+00:00","dateModified":"2026-03-31T17:44:50+00:00","breadcrumb":{"@id":"https:\/\/bibliotecavigil.org.ar\/socios\/producto\/el-poema-no-es\/#breadcrumb"},"inLanguage":"es","potentialAction":[{"@type":"ReadAction","target":["https:\/\/bibliotecavigil.org.ar\/socios\/producto\/el-poema-no-es\/"]}]},{"@type":"ImageObject","inLanguage":"es","@id":"https:\/\/bibliotecavigil.org.ar\/socios\/producto\/el-poema-no-es\/#primaryimage","url":"https:\/\/bibliotecavigil.org.ar\/socios\/wp-content\/uploads\/2023\/07\/tapa-sevlever-01-scaled-1.jpg","contentUrl":"https:\/\/bibliotecavigil.org.ar\/socios\/wp-content\/uploads\/2023\/07\/tapa-sevlever-01-scaled-1.jpg","width":1394,"height":2048},{"@type":"BreadcrumbList","@id":"https:\/\/bibliotecavigil.org.ar\/socios\/producto\/el-poema-no-es\/#breadcrumb","itemListElement":[{"@type":"ListItem","position":1,"name":"Portada","item":"https:\/\/bibliotecavigil.org.ar\/socios\/"},{"@type":"ListItem","position":2,"name":"Catalogo","item":"https:\/\/bibliotecavigil.org.ar\/socios\/catalogo\/"},{"@type":"ListItem","position":3,"name":"El poema no es"}]},{"@type":"WebSite","@id":"https:\/\/bibliotecavigil.org.ar\/socios\/#website","url":"https:\/\/bibliotecavigil.org.ar\/socios\/","name":"Socios","description":"Socios Vigil","publisher":{"@id":"https:\/\/bibliotecavigil.org.ar\/socios\/#organization"},"potentialAction":[{"@type":"SearchAction","target":{"@type":"EntryPoint","urlTemplate":"https:\/\/bibliotecavigil.org.ar\/socios\/?s={search_term_string}"},"query-input":{"@type":"PropertyValueSpecification","valueRequired":true,"valueName":"search_term_string"}}],"inLanguage":"es"},{"@type":"Organization","@id":"https:\/\/bibliotecavigil.org.ar\/socios\/#organization","name":"Biblioteca CC Vigil","url":"https:\/\/bibliotecavigil.org.ar\/socios\/","logo":{"@type":"ImageObject","inLanguage":"es","@id":"https:\/\/bibliotecavigil.org.ar\/socios\/#\/schema\/logo\/image\/","url":"https:\/\/bibliotecavigil.org.ar\/socios\/wp-content\/uploads\/2022\/03\/cropped-logo-color-01-copia.gif","contentUrl":"https:\/\/bibliotecavigil.org.ar\/socios\/wp-content\/uploads\/2022\/03\/cropped-logo-color-01-copia.gif","width":512,"height":512,"caption":"Biblioteca CC Vigil"},"image":{"@id":"https:\/\/bibliotecavigil.org.ar\/socios\/#\/schema\/logo\/image\/"},"sameAs":["https:\/\/www.facebook.com\/BibliotecaVigil","https:\/\/www.instagram.com\/la_vigil\/"]}]}},"_links":{"self":[{"href":"https:\/\/bibliotecavigil.org.ar\/socios\/wp-json\/wp\/v2\/product\/967","targetHints":{"allow":["GET"]}}],"collection":[{"href":"https:\/\/bibliotecavigil.org.ar\/socios\/wp-json\/wp\/v2\/product"}],"about":[{"href":"https:\/\/bibliotecavigil.org.ar\/socios\/wp-json\/wp\/v2\/types\/product"}],"wp:featuredmedia":[{"embeddable":true,"href":"https:\/\/bibliotecavigil.org.ar\/socios\/wp-json\/wp\/v2\/media\/393"}],"wp:attachment":[{"href":"https:\/\/bibliotecavigil.org.ar\/socios\/wp-json\/wp\/v2\/media?parent=967"}],"wp:term":[{"taxonomy":"product_brand","embeddable":true,"href":"https:\/\/bibliotecavigil.org.ar\/socios\/wp-json\/wp\/v2\/product_brand?post=967"},{"taxonomy":"product_cat","embeddable":true,"href":"https:\/\/bibliotecavigil.org.ar\/socios\/wp-json\/wp\/v2\/product_cat?post=967"},{"taxonomy":"product_tag","embeddable":true,"href":"https:\/\/bibliotecavigil.org.ar\/socios\/wp-json\/wp\/v2\/product_tag?post=967"}],"curies":[{"name":"wp","href":"https:\/\/api.w.org\/{rel}","templated":true}]}}