{"id":984,"date":"2024-11-06T15:58:35","date_gmt":"2024-11-06T18:58:35","guid":{"rendered":"https:\/\/bibliotecavigil.org.ar\/socios\/?post_type=product&#038;p=984"},"modified":"2026-03-31T14:37:49","modified_gmt":"2026-03-31T17:37:49","slug":"expreso","status":"publish","type":"product","link":"https:\/\/bibliotecavigil.org.ar\/socios\/producto\/expreso\/","title":{"rendered":"Expreso"},"content":{"rendered":"","protected":false},"excerpt":{"rendered":"<p style=\"font-weight: 400;\">64 p. \/ Colecci\u00f3n Poetas argentinos N\u00b05 \/ 1\u00b0 edici\u00f3n. Rosario, Editorial Biblioteca, 2022.<\/p>\n<p style=\"font-weight: 400;\">Despu\u00e9s de d\u00e9cadas de violencia y silenciamiento, despu\u00e9s de largos a\u00f1os de resistencia y esfuerzo por la recuperaci\u00f3n de la biblioteca, este libro reinaugura la colecci\u00f3n \u201cPoetas argentinos\u201d de la Editorial Biblioteca, sumando a Beatriz como la primera mujer de la colecci\u00f3n.<\/p>\n<p style=\"font-weight: 400;\">Beatriz Vignoli es una de las mejores escritoras argentinas contempor\u00e1neas. Pueden leer regularmente sus rese\u00f1as literarias \u2013fundamentales para orientarse en el campo cultural rosarino-, como tambi\u00e9n sus cuentos, novelas y poemas.<\/p>\n<p style=\"font-weight: 400;\">En estas p\u00e1ginas se percibe el magnetismo incierto de la mitolog\u00eda popular, el enigma nunca resuelto al que desaf\u00edan los sue\u00f1os, la humedad de las orillas, el \u201cidioma de puras consonantes\u201d de la lluvia, el canto anestesiado de una paciente de hospital.<\/p>\n<p style=\"font-weight: 400;\"><em>Expreso<\/em>\u00a0es retrato y relato: la escritora sufri\u00f3 un grave traumatismo y el milagro de la ciencia m\u00e9dica y la destreza artesanal de su traumat\u00f3logo, motivan poemas y dedicatoria \u2013los reconocimientos a lo largo del libro, al igual que los ep\u00edgrafes, son buenas br\u00fajulas para futuras lecturas\u2013.<\/p>\n<p style=\"font-weight: 400;\">Tomamos este\u00a0<em>Expreso<\/em>\u00a0con el esp\u00edritu ind\u00f3mito de quien vuelve a ilusionarse y la alegr\u00eda anticipada por el reencuentro.<\/p>\n","protected":false},"featured_media":411,"template":"","meta":{"_et_pb_use_builder":"","_et_pb_old_content":"","_et_gb_content_width":""},"product_brand":[],"product_cat":[36,44],"product_tag":[],"class_list":{"0":"post-984","1":"product","2":"type-product","3":"status-publish","4":"has-post-thumbnail","6":"product_cat-novedades","7":"product_cat-poetas-argentinos","9":"first","10":"instock","11":"sale","12":"shipping-taxable","13":"purchasable","14":"product-type-simple"},"yoast_head":"<!-- This site is optimized with the Yoast SEO plugin v27.3 - https:\/\/yoast.com\/product\/yoast-seo-wordpress\/ -->\n<title>Expreso - Socios<\/title>\n<meta name=\"robots\" content=\"index, follow, max-snippet:-1, max-image-preview:large, max-video-preview:-1\" \/>\n<link rel=\"canonical\" href=\"https:\/\/bibliotecavigil.org.ar\/socios\/producto\/expreso\/\" \/>\n<meta property=\"og:locale\" content=\"es_ES\" \/>\n<meta property=\"og:type\" content=\"article\" \/>\n<meta property=\"og:title\" content=\"Expreso - Socios\" \/>\n<meta property=\"og:description\" content=\"64 p. \/ Colecci\u00f3n Poetas argentinos N\u00b05 \/ 1\u00b0 edici\u00f3n. Rosario, Editorial Biblioteca, 2022. Despu\u00e9s de d\u00e9cadas de violencia y silenciamiento, despu\u00e9s de largos a\u00f1os de resistencia y esfuerzo por la recuperaci\u00f3n de la biblioteca, este libro reinaugura la colecci\u00f3n \u201cPoetas argentinos\u201d de la Editorial Biblioteca, sumando a Beatriz como la primera mujer de la colecci\u00f3n. Beatriz Vignoli es una de las mejores escritoras argentinas contempor\u00e1neas. Pueden leer regularmente sus rese\u00f1as literarias \u2013fundamentales para orientarse en el campo cultural rosarino-, como tambi\u00e9n sus cuentos, novelas y poemas. En estas p\u00e1ginas se percibe el magnetismo incierto de la mitolog\u00eda popular, el enigma nunca resuelto al que desaf\u00edan los sue\u00f1os, la humedad de las orillas, el \u201cidioma de puras consonantes\u201d de la lluvia, el canto anestesiado de una paciente de hospital. Expreso\u00a0es retrato y relato: la escritora sufri\u00f3 un grave traumatismo y el milagro de la ciencia m\u00e9dica y la destreza artesanal de su traumat\u00f3logo, motivan poemas y dedicatoria \u2013los reconocimientos a lo largo del libro, al igual que los ep\u00edgrafes, son buenas br\u00fajulas para futuras lecturas\u2013. Tomamos este\u00a0Expreso\u00a0con el esp\u00edritu ind\u00f3mito de quien vuelve a ilusionarse y la alegr\u00eda anticipada por el reencuentro.\" \/>\n<meta property=\"og:url\" content=\"https:\/\/bibliotecavigil.org.ar\/socios\/producto\/expreso\/\" \/>\n<meta property=\"og:site_name\" content=\"Socios\" \/>\n<meta property=\"article:publisher\" content=\"https:\/\/www.facebook.com\/BibliotecaVigil\" \/>\n<meta property=\"article:modified_time\" content=\"2026-03-31T17:37:49+00:00\" \/>\n<meta property=\"og:image\" content=\"https:\/\/bibliotecavigil.org.ar\/socios\/wp-content\/uploads\/2023\/07\/Tapa-1-717x1024.jpg\" \/>\n\t<meta property=\"og:image:width\" content=\"717\" \/>\n\t<meta property=\"og:image:height\" content=\"1024\" \/>\n\t<meta property=\"og:image:type\" content=\"image\/jpeg\" \/>\n<meta name=\"twitter:card\" content=\"summary_large_image\" \/>\n<meta name=\"twitter:label1\" content=\"Tiempo de lectura\" \/>\n\t<meta name=\"twitter:data1\" content=\"1 minuto\" \/>\n<script type=\"application\/ld+json\" class=\"yoast-schema-graph\">{\"@context\":\"https:\\\/\\\/schema.org\",\"@graph\":[{\"@type\":\"WebPage\",\"@id\":\"https:\\\/\\\/bibliotecavigil.org.ar\\\/socios\\\/producto\\\/expreso\\\/\",\"url\":\"https:\\\/\\\/bibliotecavigil.org.ar\\\/socios\\\/producto\\\/expreso\\\/\",\"name\":\"Expreso - Socios\",\"isPartOf\":{\"@id\":\"https:\\\/\\\/bibliotecavigil.org.ar\\\/socios\\\/#website\"},\"primaryImageOfPage\":{\"@id\":\"https:\\\/\\\/bibliotecavigil.org.ar\\\/socios\\\/producto\\\/expreso\\\/#primaryimage\"},\"image\":{\"@id\":\"https:\\\/\\\/bibliotecavigil.org.ar\\\/socios\\\/producto\\\/expreso\\\/#primaryimage\"},\"thumbnailUrl\":\"https:\\\/\\\/bibliotecavigil.org.ar\\\/socios\\\/wp-content\\\/uploads\\\/2023\\\/07\\\/Tapa-1.jpg\",\"datePublished\":\"2024-11-06T18:58:35+00:00\",\"dateModified\":\"2026-03-31T17:37:49+00:00\",\"breadcrumb\":{\"@id\":\"https:\\\/\\\/bibliotecavigil.org.ar\\\/socios\\\/producto\\\/expreso\\\/#breadcrumb\"},\"inLanguage\":\"es\",\"potentialAction\":[{\"@type\":\"ReadAction\",\"target\":[\"https:\\\/\\\/bibliotecavigil.org.ar\\\/socios\\\/producto\\\/expreso\\\/\"]}]},{\"@type\":\"ImageObject\",\"inLanguage\":\"es\",\"@id\":\"https:\\\/\\\/bibliotecavigil.org.ar\\\/socios\\\/producto\\\/expreso\\\/#primaryimage\",\"url\":\"https:\\\/\\\/bibliotecavigil.org.ar\\\/socios\\\/wp-content\\\/uploads\\\/2023\\\/07\\\/Tapa-1.jpg\",\"contentUrl\":\"https:\\\/\\\/bibliotecavigil.org.ar\\\/socios\\\/wp-content\\\/uploads\\\/2023\\\/07\\\/Tapa-1.jpg\",\"width\":1654,\"height\":2362},{\"@type\":\"BreadcrumbList\",\"@id\":\"https:\\\/\\\/bibliotecavigil.org.ar\\\/socios\\\/producto\\\/expreso\\\/#breadcrumb\",\"itemListElement\":[{\"@type\":\"ListItem\",\"position\":1,\"name\":\"Portada\",\"item\":\"https:\\\/\\\/bibliotecavigil.org.ar\\\/socios\\\/\"},{\"@type\":\"ListItem\",\"position\":2,\"name\":\"Catalogo\",\"item\":\"https:\\\/\\\/bibliotecavigil.org.ar\\\/socios\\\/catalogo\\\/\"},{\"@type\":\"ListItem\",\"position\":3,\"name\":\"Expreso\"}]},{\"@type\":\"WebSite\",\"@id\":\"https:\\\/\\\/bibliotecavigil.org.ar\\\/socios\\\/#website\",\"url\":\"https:\\\/\\\/bibliotecavigil.org.ar\\\/socios\\\/\",\"name\":\"Socios\",\"description\":\"Socios Vigil\",\"publisher\":{\"@id\":\"https:\\\/\\\/bibliotecavigil.org.ar\\\/socios\\\/#organization\"},\"potentialAction\":[{\"@type\":\"SearchAction\",\"target\":{\"@type\":\"EntryPoint\",\"urlTemplate\":\"https:\\\/\\\/bibliotecavigil.org.ar\\\/socios\\\/?s={search_term_string}\"},\"query-input\":{\"@type\":\"PropertyValueSpecification\",\"valueRequired\":true,\"valueName\":\"search_term_string\"}}],\"inLanguage\":\"es\"},{\"@type\":\"Organization\",\"@id\":\"https:\\\/\\\/bibliotecavigil.org.ar\\\/socios\\\/#organization\",\"name\":\"Biblioteca CC Vigil\",\"url\":\"https:\\\/\\\/bibliotecavigil.org.ar\\\/socios\\\/\",\"logo\":{\"@type\":\"ImageObject\",\"inLanguage\":\"es\",\"@id\":\"https:\\\/\\\/bibliotecavigil.org.ar\\\/socios\\\/#\\\/schema\\\/logo\\\/image\\\/\",\"url\":\"https:\\\/\\\/bibliotecavigil.org.ar\\\/socios\\\/wp-content\\\/uploads\\\/2022\\\/03\\\/cropped-logo-color-01-copia.gif\",\"contentUrl\":\"https:\\\/\\\/bibliotecavigil.org.ar\\\/socios\\\/wp-content\\\/uploads\\\/2022\\\/03\\\/cropped-logo-color-01-copia.gif\",\"width\":512,\"height\":512,\"caption\":\"Biblioteca CC Vigil\"},\"image\":{\"@id\":\"https:\\\/\\\/bibliotecavigil.org.ar\\\/socios\\\/#\\\/schema\\\/logo\\\/image\\\/\"},\"sameAs\":[\"https:\\\/\\\/www.facebook.com\\\/BibliotecaVigil\",\"https:\\\/\\\/www.instagram.com\\\/la_vigil\\\/\"]}]}<\/script>\n<!-- \/ Yoast SEO plugin. -->","yoast_head_json":{"title":"Expreso - Socios","robots":{"index":"index","follow":"follow","max-snippet":"max-snippet:-1","max-image-preview":"max-image-preview:large","max-video-preview":"max-video-preview:-1"},"canonical":"https:\/\/bibliotecavigil.org.ar\/socios\/producto\/expreso\/","og_locale":"es_ES","og_type":"article","og_title":"Expreso - Socios","og_description":"64 p. \/ Colecci\u00f3n Poetas argentinos N\u00b05 \/ 1\u00b0 edici\u00f3n. Rosario, Editorial Biblioteca, 2022. Despu\u00e9s de d\u00e9cadas de violencia y silenciamiento, despu\u00e9s de largos a\u00f1os de resistencia y esfuerzo por la recuperaci\u00f3n de la biblioteca, este libro reinaugura la colecci\u00f3n \u201cPoetas argentinos\u201d de la Editorial Biblioteca, sumando a Beatriz como la primera mujer de la colecci\u00f3n. Beatriz Vignoli es una de las mejores escritoras argentinas contempor\u00e1neas. Pueden leer regularmente sus rese\u00f1as literarias \u2013fundamentales para orientarse en el campo cultural rosarino-, como tambi\u00e9n sus cuentos, novelas y poemas. En estas p\u00e1ginas se percibe el magnetismo incierto de la mitolog\u00eda popular, el enigma nunca resuelto al que desaf\u00edan los sue\u00f1os, la humedad de las orillas, el \u201cidioma de puras consonantes\u201d de la lluvia, el canto anestesiado de una paciente de hospital. Expreso\u00a0es retrato y relato: la escritora sufri\u00f3 un grave traumatismo y el milagro de la ciencia m\u00e9dica y la destreza artesanal de su traumat\u00f3logo, motivan poemas y dedicatoria \u2013los reconocimientos a lo largo del libro, al igual que los ep\u00edgrafes, son buenas br\u00fajulas para futuras lecturas\u2013. Tomamos este\u00a0Expreso\u00a0con el esp\u00edritu ind\u00f3mito de quien vuelve a ilusionarse y la alegr\u00eda anticipada por el reencuentro.","og_url":"https:\/\/bibliotecavigil.org.ar\/socios\/producto\/expreso\/","og_site_name":"Socios","article_publisher":"https:\/\/www.facebook.com\/BibliotecaVigil","article_modified_time":"2026-03-31T17:37:49+00:00","og_image":[{"width":717,"height":1024,"url":"https:\/\/bibliotecavigil.org.ar\/socios\/wp-content\/uploads\/2023\/07\/Tapa-1-717x1024.jpg","type":"image\/jpeg"}],"twitter_card":"summary_large_image","twitter_misc":{"Tiempo de lectura":"1 minuto"},"schema":{"@context":"https:\/\/schema.org","@graph":[{"@type":"WebPage","@id":"https:\/\/bibliotecavigil.org.ar\/socios\/producto\/expreso\/","url":"https:\/\/bibliotecavigil.org.ar\/socios\/producto\/expreso\/","name":"Expreso - Socios","isPartOf":{"@id":"https:\/\/bibliotecavigil.org.ar\/socios\/#website"},"primaryImageOfPage":{"@id":"https:\/\/bibliotecavigil.org.ar\/socios\/producto\/expreso\/#primaryimage"},"image":{"@id":"https:\/\/bibliotecavigil.org.ar\/socios\/producto\/expreso\/#primaryimage"},"thumbnailUrl":"https:\/\/bibliotecavigil.org.ar\/socios\/wp-content\/uploads\/2023\/07\/Tapa-1.jpg","datePublished":"2024-11-06T18:58:35+00:00","dateModified":"2026-03-31T17:37:49+00:00","breadcrumb":{"@id":"https:\/\/bibliotecavigil.org.ar\/socios\/producto\/expreso\/#breadcrumb"},"inLanguage":"es","potentialAction":[{"@type":"ReadAction","target":["https:\/\/bibliotecavigil.org.ar\/socios\/producto\/expreso\/"]}]},{"@type":"ImageObject","inLanguage":"es","@id":"https:\/\/bibliotecavigil.org.ar\/socios\/producto\/expreso\/#primaryimage","url":"https:\/\/bibliotecavigil.org.ar\/socios\/wp-content\/uploads\/2023\/07\/Tapa-1.jpg","contentUrl":"https:\/\/bibliotecavigil.org.ar\/socios\/wp-content\/uploads\/2023\/07\/Tapa-1.jpg","width":1654,"height":2362},{"@type":"BreadcrumbList","@id":"https:\/\/bibliotecavigil.org.ar\/socios\/producto\/expreso\/#breadcrumb","itemListElement":[{"@type":"ListItem","position":1,"name":"Portada","item":"https:\/\/bibliotecavigil.org.ar\/socios\/"},{"@type":"ListItem","position":2,"name":"Catalogo","item":"https:\/\/bibliotecavigil.org.ar\/socios\/catalogo\/"},{"@type":"ListItem","position":3,"name":"Expreso"}]},{"@type":"WebSite","@id":"https:\/\/bibliotecavigil.org.ar\/socios\/#website","url":"https:\/\/bibliotecavigil.org.ar\/socios\/","name":"Socios","description":"Socios Vigil","publisher":{"@id":"https:\/\/bibliotecavigil.org.ar\/socios\/#organization"},"potentialAction":[{"@type":"SearchAction","target":{"@type":"EntryPoint","urlTemplate":"https:\/\/bibliotecavigil.org.ar\/socios\/?s={search_term_string}"},"query-input":{"@type":"PropertyValueSpecification","valueRequired":true,"valueName":"search_term_string"}}],"inLanguage":"es"},{"@type":"Organization","@id":"https:\/\/bibliotecavigil.org.ar\/socios\/#organization","name":"Biblioteca CC Vigil","url":"https:\/\/bibliotecavigil.org.ar\/socios\/","logo":{"@type":"ImageObject","inLanguage":"es","@id":"https:\/\/bibliotecavigil.org.ar\/socios\/#\/schema\/logo\/image\/","url":"https:\/\/bibliotecavigil.org.ar\/socios\/wp-content\/uploads\/2022\/03\/cropped-logo-color-01-copia.gif","contentUrl":"https:\/\/bibliotecavigil.org.ar\/socios\/wp-content\/uploads\/2022\/03\/cropped-logo-color-01-copia.gif","width":512,"height":512,"caption":"Biblioteca CC Vigil"},"image":{"@id":"https:\/\/bibliotecavigil.org.ar\/socios\/#\/schema\/logo\/image\/"},"sameAs":["https:\/\/www.facebook.com\/BibliotecaVigil","https:\/\/www.instagram.com\/la_vigil\/"]}]}},"_links":{"self":[{"href":"https:\/\/bibliotecavigil.org.ar\/socios\/wp-json\/wp\/v2\/product\/984","targetHints":{"allow":["GET"]}}],"collection":[{"href":"https:\/\/bibliotecavigil.org.ar\/socios\/wp-json\/wp\/v2\/product"}],"about":[{"href":"https:\/\/bibliotecavigil.org.ar\/socios\/wp-json\/wp\/v2\/types\/product"}],"wp:featuredmedia":[{"embeddable":true,"href":"https:\/\/bibliotecavigil.org.ar\/socios\/wp-json\/wp\/v2\/media\/411"}],"wp:attachment":[{"href":"https:\/\/bibliotecavigil.org.ar\/socios\/wp-json\/wp\/v2\/media?parent=984"}],"wp:term":[{"taxonomy":"product_brand","embeddable":true,"href":"https:\/\/bibliotecavigil.org.ar\/socios\/wp-json\/wp\/v2\/product_brand?post=984"},{"taxonomy":"product_cat","embeddable":true,"href":"https:\/\/bibliotecavigil.org.ar\/socios\/wp-json\/wp\/v2\/product_cat?post=984"},{"taxonomy":"product_tag","embeddable":true,"href":"https:\/\/bibliotecavigil.org.ar\/socios\/wp-json\/wp\/v2\/product_tag?post=984"}],"curies":[{"name":"wp","href":"https:\/\/api.w.org\/{rel}","templated":true}]}}